{"id":2362,"date":"2025-12-16T01:02:37","date_gmt":"2025-12-16T01:02:37","guid":{"rendered":"https:\/\/zenkaisen.fr\/?post_type=livre&#038;p=2362"},"modified":"2025-12-16T01:02:39","modified_gmt":"2025-12-16T01:02:39","slug":"duch-vina-podle-zenoveho-mnicha","status":"publish","type":"livre","link":"https:\/\/zenkaisen.fr\/cs\/kniha\/duch-vina-podle-zenoveho-mnicha\/","title":{"rendered":"Duch v\u00edna: Podle zenov\u00e9ho mnicha"},"content":{"rendered":"<p>Form\u00e1t: V\u00e1zan\u00e1, 160 stran&nbsp;<br>Datum zve\u0159ejn\u011bn\u00ed: 1. b\u0159ezna 2013&nbsp;<br>Vydavatel: Tarma&nbsp;<br>ISBN: 9782924157022&nbsp;<br>Vyprod\u00e1no<\/p>\n\n\n\n<p>Toto je origin\u00e1ln\u00ed kniha o v\u00edn\u011b a vztahu \u010dlov\u011bka a v\u00edna... Stejn\u011b jako \u010dlov\u011bk m\u00e1 i vinn\u00e1 r\u00e9va sv\u00e9 \u00abp\u0159ed\u00bb a \u00abpo\u00bb. Charakter v\u00edna je umocn\u011bn hloubkou a bohatost\u00ed terroaru, p\u016fdou, expozic\u00ed pozemku, slune\u010dn\u00edm svitem, v\u011btrem, ro\u010dn\u00edmi obdob\u00edmi, bl\u00edzkost\u00ed mo\u0159e nebo hor. Stejn\u011b jako terroir zkvalit\u0148uje hrozny, moudrost z\u00edskan\u00e1 b\u011bhem \u017eivota zkvalit\u0148uje \u010dlov\u011bka.&nbsp;<br>\u00abS v\u011bkem se \u010dlov\u011bk st\u00e1v\u00e1 lep\u0161\u00edm, lep\u0161\u00edm v\u016f\u010di ostatn\u00edm i v\u016f\u010di sob\u011b sam\u00e9mu. Nejde o to b\u00fdt lep\u0161\u00ed ne\u017e ostatn\u00ed nebo se sna\u017eit se jim zavd\u011b\u010dit. Jde prost\u011b o to b\u00fdt s\u00e1m sebou. D\u00edt\u011b je takov\u00e9, jak\u00e9 je, a sta\u0159ec je takov\u00fd, jak\u00fd je. B\u011bhem cel\u00e9ho sv\u00e9ho zr\u00e1n\u00ed se star\u00fd \u010dlov\u011bk sna\u017e\u00ed zachovat si d\u00edt\u011b, kter\u00fdm kdysi byl, a z\u00e1rove\u0148 z\u00edskat moudrost a porozum\u011bn\u00ed. Dobr\u00e9 v\u00edno je stejn\u00e9: i kdy\u017e st\u00e1rne, zachov\u00e1v\u00e1 si svou d\u011btskou du\u0161i a neuchopitelnou sv\u011b\u017eest, jako by ho p\u0159es \u010das nikdy neopustilo to, co je nad\u010dasov\u00e9.&nbsp;<br>Po tis\u00edcilet\u00ed se mni\u0161i a vina\u0159i st\u0159\u00eddali, aby z\u00e1rove\u0148 vyzdvihli pom\u00edjiv\u00e9 z v\u011b\u010dn\u00e9ho a z pom\u00edjiv\u00e9ho vyzdvihli v\u011b\u010dn\u00e9, jako dar a pozv\u00e1n\u00ed k pit\u00ed. Tot\u00e9\u017e plat\u00ed pro p\u0159ed\u00e1v\u00e1n\u00ed zenu od historick\u00e9ho Buddhy: b\u011bhem meditace sed\u00ed \u010dlov\u011bk 21. stolet\u00ed ve sv\u00e9m vlastn\u00edm srdci-mysli, kter\u00e9 je srdcem v\u0161ech Buddh\u016f, patriarch\u016f a mistr\u016f, a v tomto srdci se s nimi v\u0161emi setk\u00e1v\u00e1.&nbsp;<br>To, co ochutn\u00e1v\u00e1me spolu s v\u00ednem, je cel\u00fd vesm\u00edr obsa\u017een\u00fd v pr\u016fhledn\u00e9 a k\u0159ehk\u00e9 sklenici.\u00bb<\/p>","protected":false},"excerpt":{"rendered":"<p>Format : Reli\u00e9, 160 pages&nbsp;Date de publication : 1\u1d49\u02b3 mars 2013&nbsp;\u00c9diteur : Tarma&nbsp;ISBN : 9782924157022&nbsp;\u00c9puis\u00e9 Voici un livre original sur le vin et sur la relation de l&rsquo;homme et du [&hellip;]<\/p>\n","protected":false},"featured_media":2363,"template":"","meta":{"_acf_changed":false},"class_list":["post-2362","livre","type-livre","status-publish","has-post-thumbnail","hentry"],"acf":[],"yoast_head":"<!-- This site is optimized with the Yoast SEO plugin v27.5 - https:\/\/yoast.com\/product\/yoast-seo-wordpress\/ -->\n<title>L&#039;esprit du vin : Selon un moine zen - Le Zen de Kaisen<\/title>\n<meta name=\"robots\" content=\"index, follow, max-snippet:-1, max-image-preview:large, max-video-preview:-1\" \/>\n<link rel=\"canonical\" href=\"https:\/\/zenkaisen.fr\/cs\/kniha\/duch-vina-podle-zenoveho-mnicha\/\" \/>\n<meta property=\"og:locale\" content=\"cs_CZ\" \/>\n<meta property=\"og:type\" content=\"article\" \/>\n<meta property=\"og:title\" content=\"L&#039;esprit du vin : Selon un moine zen - Le Zen de Kaisen\" \/>\n<meta property=\"og:description\" content=\"Format : Reli\u00e9, 160 pages&nbsp;Date de publication : 1\u1d49\u02b3 mars 2013&nbsp;\u00c9diteur : Tarma&nbsp;ISBN : 9782924157022&nbsp;\u00c9puis\u00e9 Voici un livre original sur le vin et sur la relation de l&rsquo;homme et du [&hellip;]\" \/>\n<meta property=\"og:url\" content=\"https:\/\/zenkaisen.fr\/cs\/kniha\/duch-vina-podle-zenoveho-mnicha\/\" \/>\n<meta property=\"og:site_name\" content=\"Le Zen de Kaisen\" \/>\n<meta property=\"article:modified_time\" content=\"2025-12-16T01:02:39+00:00\" \/>\n<meta property=\"og:image\" content=\"https:\/\/zenkaisen.fr\/wp-content\/uploads\/2025\/12\/image-2.png\" \/>\n\t<meta property=\"og:image:width\" content=\"200\" \/>\n\t<meta property=\"og:image:height\" content=\"341\" \/>\n\t<meta property=\"og:image:type\" content=\"image\/png\" \/>\n<meta name=\"twitter:card\" content=\"summary_large_image\" \/>\n<meta name=\"twitter:label1\" content=\"Odhadovan\u00e1 doba \u010dten\u00ed\" \/>\n\t<meta name=\"twitter:data1\" content=\"2 minuty\" \/>\n<script type=\"application\/ld+json\" class=\"yoast-schema-graph\">{\"@context\":\"https:\\\/\\\/schema.org\",\"@graph\":[{\"@type\":\"WebPage\",\"@id\":\"https:\\\/\\\/zenkaisen.fr\\\/livre\\\/lesprit-du-vin-selon-un-moine-zen\\\/\",\"url\":\"https:\\\/\\\/zenkaisen.fr\\\/livre\\\/lesprit-du-vin-selon-un-moine-zen\\\/\",\"name\":\"L'esprit du vin : Selon un moine zen - Le Zen de Kaisen\",\"isPartOf\":{\"@id\":\"https:\\\/\\\/zenkaisen.fr\\\/ru\\\/#website\"},\"primaryImageOfPage\":{\"@id\":\"https:\\\/\\\/zenkaisen.fr\\\/livre\\\/lesprit-du-vin-selon-un-moine-zen\\\/#primaryimage\"},\"image\":{\"@id\":\"https:\\\/\\\/zenkaisen.fr\\\/livre\\\/lesprit-du-vin-selon-un-moine-zen\\\/#primaryimage\"},\"thumbnailUrl\":\"https:\\\/\\\/zenkaisen.fr\\\/wp-content\\\/uploads\\\/2025\\\/12\\\/image-2.png\",\"datePublished\":\"2025-12-16T01:02:37+00:00\",\"dateModified\":\"2025-12-16T01:02:39+00:00\",\"breadcrumb\":{\"@id\":\"https:\\\/\\\/zenkaisen.fr\\\/livre\\\/lesprit-du-vin-selon-un-moine-zen\\\/#breadcrumb\"},\"inLanguage\":\"cs\",\"potentialAction\":[{\"@type\":\"ReadAction\",\"target\":[\"https:\\\/\\\/zenkaisen.fr\\\/livre\\\/lesprit-du-vin-selon-un-moine-zen\\\/\"]}]},{\"@type\":\"ImageObject\",\"inLanguage\":\"cs\",\"@id\":\"https:\\\/\\\/zenkaisen.fr\\\/livre\\\/lesprit-du-vin-selon-un-moine-zen\\\/#primaryimage\",\"url\":\"https:\\\/\\\/zenkaisen.fr\\\/wp-content\\\/uploads\\\/2025\\\/12\\\/image-2.png\",\"contentUrl\":\"https:\\\/\\\/zenkaisen.fr\\\/wp-content\\\/uploads\\\/2025\\\/12\\\/image-2.png\",\"width\":200,\"height\":341},{\"@type\":\"BreadcrumbList\",\"@id\":\"https:\\\/\\\/zenkaisen.fr\\\/livre\\\/lesprit-du-vin-selon-un-moine-zen\\\/#breadcrumb\",\"itemListElement\":[{\"@type\":\"ListItem\",\"position\":1,\"name\":\"Strona g\u0142\u00f3wna\",\"item\":\"https:\\\/\\\/zenkaisen.fr\\\/\"},{\"@type\":\"ListItem\",\"position\":2,\"name\":\"L&#8217;esprit du vin : Selon un moine zen\"}]},{\"@type\":\"WebSite\",\"@id\":\"https:\\\/\\\/zenkaisen.fr\\\/ru\\\/#website\",\"url\":\"https:\\\/\\\/zenkaisen.fr\\\/ru\\\/\",\"name\":\"Le Zen de Kaisen\",\"description\":\"Zen\",\"publisher\":{\"@id\":\"https:\\\/\\\/zenkaisen.fr\\\/ru\\\/#organization\"},\"potentialAction\":[{\"@type\":\"SearchAction\",\"target\":{\"@type\":\"EntryPoint\",\"urlTemplate\":\"https:\\\/\\\/zenkaisen.fr\\\/ru\\\/?s={search_term_string}\"},\"query-input\":{\"@type\":\"PropertyValueSpecification\",\"valueRequired\":true,\"valueName\":\"search_term_string\"}}],\"inLanguage\":\"cs\"},{\"@type\":\"Organization\",\"@id\":\"https:\\\/\\\/zenkaisen.fr\\\/ru\\\/#organization\",\"name\":\"Le Zen de Kaisen\",\"url\":\"https:\\\/\\\/zenkaisen.fr\\\/ru\\\/\",\"logo\":{\"@type\":\"ImageObject\",\"inLanguage\":\"cs\",\"@id\":\"https:\\\/\\\/zenkaisen.fr\\\/ru\\\/#\\\/schema\\\/logo\\\/image\\\/\",\"url\":\"https:\\\/\\\/zenkaisen.fr\\\/wp-content\\\/uploads\\\/2025\\\/07\\\/logo.png\",\"contentUrl\":\"https:\\\/\\\/zenkaisen.fr\\\/wp-content\\\/uploads\\\/2025\\\/07\\\/logo.png\",\"width\":300,\"height\":300,\"caption\":\"Le Zen de Kaisen\"},\"image\":{\"@id\":\"https:\\\/\\\/zenkaisen.fr\\\/ru\\\/#\\\/schema\\\/logo\\\/image\\\/\"}}]}<\/script>\n<!-- \/ Yoast SEO plugin. -->","yoast_head_json":{"title":"Duch v\u00edna: Podle zenov\u00e9ho mnicha \u2013 Zen Kaisen","robots":{"index":"index","follow":"follow","max-snippet":"max-snippet:-1","max-image-preview":"max-image-preview:large","max-video-preview":"max-video-preview:-1"},"canonical":"https:\/\/zenkaisen.fr\/cs\/kniha\/duch-vina-podle-zenoveho-mnicha\/","og_locale":"cs_CZ","og_type":"article","og_title":"L'esprit du vin : Selon un moine zen - Le Zen de Kaisen","og_description":"Format : Reli\u00e9, 160 pages&nbsp;Date de publication : 1\u1d49\u02b3 mars 2013&nbsp;\u00c9diteur : Tarma&nbsp;ISBN : 9782924157022&nbsp;\u00c9puis\u00e9 Voici un livre original sur le vin et sur la relation de l&rsquo;homme et du [&hellip;]","og_url":"https:\/\/zenkaisen.fr\/cs\/kniha\/duch-vina-podle-zenoveho-mnicha\/","og_site_name":"Le Zen de Kaisen","article_modified_time":"2025-12-16T01:02:39+00:00","og_image":[{"width":200,"height":341,"url":"https:\/\/zenkaisen.fr\/wp-content\/uploads\/2025\/12\/image-2.png","type":"image\/png"}],"twitter_card":"summary_large_image","twitter_misc":{"Odhadovan\u00e1 doba \u010dten\u00ed":"2 minuty"},"schema":{"@context":"https:\/\/schema.org","@graph":[{"@type":"WebPage","@id":"https:\/\/zenkaisen.fr\/livre\/lesprit-du-vin-selon-un-moine-zen\/","url":"https:\/\/zenkaisen.fr\/livre\/lesprit-du-vin-selon-un-moine-zen\/","name":"Duch v\u00edna: Podle zenov\u00e9ho mnicha \u2013 Zen Kaisen","isPartOf":{"@id":"https:\/\/zenkaisen.fr\/ru\/#website"},"primaryImageOfPage":{"@id":"https:\/\/zenkaisen.fr\/livre\/lesprit-du-vin-selon-un-moine-zen\/#primaryimage"},"image":{"@id":"https:\/\/zenkaisen.fr\/livre\/lesprit-du-vin-selon-un-moine-zen\/#primaryimage"},"thumbnailUrl":"https:\/\/zenkaisen.fr\/wp-content\/uploads\/2025\/12\/image-2.png","datePublished":"2025-12-16T01:02:37+00:00","dateModified":"2025-12-16T01:02:39+00:00","breadcrumb":{"@id":"https:\/\/zenkaisen.fr\/livre\/lesprit-du-vin-selon-un-moine-zen\/#breadcrumb"},"inLanguage":"cs","potentialAction":[{"@type":"ReadAction","target":["https:\/\/zenkaisen.fr\/livre\/lesprit-du-vin-selon-un-moine-zen\/"]}]},{"@type":"ImageObject","inLanguage":"cs","@id":"https:\/\/zenkaisen.fr\/livre\/lesprit-du-vin-selon-un-moine-zen\/#primaryimage","url":"https:\/\/zenkaisen.fr\/wp-content\/uploads\/2025\/12\/image-2.png","contentUrl":"https:\/\/zenkaisen.fr\/wp-content\/uploads\/2025\/12\/image-2.png","width":200,"height":341},{"@type":"BreadcrumbList","@id":"https:\/\/zenkaisen.fr\/livre\/lesprit-du-vin-selon-un-moine-zen\/#breadcrumb","itemListElement":[{"@type":"ListItem","position":1,"name":"Strona g\u0142\u00f3wna","item":"https:\/\/zenkaisen.fr\/"},{"@type":"ListItem","position":2,"name":"L&#8217;esprit du vin : Selon un moine zen"}]},{"@type":"WebSite","@id":"https:\/\/zenkaisen.fr\/ru\/#website","url":"https:\/\/zenkaisen.fr\/ru\/","name":"Zen Kaisen","description":"Zen","publisher":{"@id":"https:\/\/zenkaisen.fr\/ru\/#organization"},"potentialAction":[{"@type":"SearchAction","target":{"@type":"EntryPoint","urlTemplate":"https:\/\/zenkaisen.fr\/ru\/?s={search_term_string}"},"query-input":{"@type":"PropertyValueSpecification","valueRequired":true,"valueName":"search_term_string"}}],"inLanguage":"cs"},{"@type":"Organization","@id":"https:\/\/zenkaisen.fr\/ru\/#organization","name":"Zen Kaisen","url":"https:\/\/zenkaisen.fr\/ru\/","logo":{"@type":"ImageObject","inLanguage":"cs","@id":"https:\/\/zenkaisen.fr\/ru\/#\/schema\/logo\/image\/","url":"https:\/\/zenkaisen.fr\/wp-content\/uploads\/2025\/07\/logo.png","contentUrl":"https:\/\/zenkaisen.fr\/wp-content\/uploads\/2025\/07\/logo.png","width":300,"height":300,"caption":"Le Zen de Kaisen"},"image":{"@id":"https:\/\/zenkaisen.fr\/ru\/#\/schema\/logo\/image\/"}}]}},"_links":{"self":[{"href":"https:\/\/zenkaisen.fr\/cs\/wp-json\/wp\/v2\/livre\/2362","targetHints":{"allow":["GET"]}}],"collection":[{"href":"https:\/\/zenkaisen.fr\/cs\/wp-json\/wp\/v2\/livre"}],"about":[{"href":"https:\/\/zenkaisen.fr\/cs\/wp-json\/wp\/v2\/types\/livre"}],"wp:featuredmedia":[{"embeddable":true,"href":"https:\/\/zenkaisen.fr\/cs\/wp-json\/wp\/v2\/media\/2363"}],"wp:attachment":[{"href":"https:\/\/zenkaisen.fr\/cs\/wp-json\/wp\/v2\/media?parent=2362"}],"curies":[{"name":"wp","href":"https:\/\/api.w.org\/{rel}","templated":true}]}}

Duch vína: Podle zenového mnicha

<p>Formát: Vázaná, 160 stran&nbsp;<br>Datum zveřejnění: 1. března 2013&nbsp;<br>Vydavatel: Tarma&nbsp;<br>ISBN: 9782924157022&nbsp;<br>Vyprodáno</p>



<p>Toto je originální kniha o víně a vztahu člověka a vína... Stejně jako člověk má i vinná réva své «před» a «po». Charakter vína je umocněn hloubkou a bohatostí terroaru, půdou, expozicí pozemku, slunečním svitem, větrem, ročními obdobími, blízkostí moře nebo hor. Stejně jako terroir zkvalitňuje hrozny, moudrost získaná během života zkvalitňuje člověka.&nbsp;<br>«S věkem se člověk stává lepším, lepším vůči ostatním i vůči sobě samému. Nejde o to být lepší než ostatní nebo se snažit se jim zavděčit. Jde prostě o to být sám sebou. Dítě je takové, jaké je, a stařec je takový, jaký je. Během celého svého zrání se starý člověk snaží zachovat si dítě, kterým kdysi byl, a zároveň získat moudrost a porozumění. Dobré víno je stejné: i když stárne, zachovává si svou dětskou duši a neuchopitelnou svěžest, jako by ho přes čas nikdy neopustilo to, co je nadčasové.&nbsp;<br>Po tisíciletí se mniši a vinaři střídali, aby zároveň vyzdvihli pomíjivé z věčného a z pomíjivého vyzdvihli věčné, jako dar a pozvání k pití. Totéž platí pro předávání zenu od historického Buddhy: během meditace sedí člověk 21. století ve svém vlastním srdci-mysli, které je srdcem všech Buddhů, patriarchů a mistrů, a v tomto srdci se s nimi všemi setkává.&nbsp;<br>To, co ochutnáváme spolu s vínem, je celý vesmír obsažený v průhledné a křehké sklenici.»</p>

<p>Format : Relié, 160 pages&nbsp;Date de publication : 1ᵉʳ mars 2013&nbsp;Éditeur : Tarma&nbsp;ISBN : 9782924157022&nbsp;Épuisé Voici un livre original sur le vin et sur la relation de l&rsquo;homme et du [&hellip;]</p>

<!-- This site is optimized with the Yoast SEO plugin v27.5 - https://yoast.com/product/yoast-seo-wordpress/ -->
<title>L&#039;esprit du vin : Selon un moine zen - Le Zen de Kaisen</title>
<meta name="robots" content="index, follow, max-snippet:-1, max-image-preview:large, max-video-preview:-1" />
<link rel="canonical" href="https://zenkaisen.fr/cs/kniha/duch-vina-podle-zenoveho-mnicha/" />
<meta property="og:locale" content="cs_CZ" />
<meta property="og:type" content="article" />
<meta property="og:title" content="L&#039;esprit du vin : Selon un moine zen - Le Zen de Kaisen" />
<meta property="og:description" content="Format : Relié, 160 pages&nbsp;Date de publication : 1ᵉʳ mars 2013&nbsp;Éditeur : Tarma&nbsp;ISBN : 9782924157022&nbsp;Épuisé Voici un livre original sur le vin et sur la relation de l&rsquo;homme et du [&hellip;]" />
<meta property="og:url" content="https://zenkaisen.fr/cs/kniha/duch-vina-podle-zenoveho-mnicha/" />
<meta property="og:site_name" content="Le Zen de Kaisen" />
<meta property="article:modified_time" content="2025-12-16T01:02:39+00:00" />
<meta property="og:image" content="https://zenkaisen.fr/wp-content/uploads/2025/12/image-2.png" />
	<meta property="og:image:width" content="200" />
	<meta property="og:image:height" content="341" />
	<meta property="og:image:type" content="image/png" />
<meta name="twitter:card" content="summary_large_image" />
<meta name="twitter:label1" content="Odhadovaná doba čtení" />
	<meta name="twitter:data1" content="2 minuty" />
<script type="application/ld+json" class="yoast-schema-graph">{"@context":"https:\/\/schema.org","@graph":[{"@type":"WebPage","@id":"https:\/\/zenkaisen.fr\/livre\/lesprit-du-vin-selon-un-moine-zen\/","url":"https:\/\/zenkaisen.fr\/livre\/lesprit-du-vin-selon-un-moine-zen\/","name":"L'esprit du vin : Selon un moine zen - Le Zen de Kaisen","isPartOf":{"@id":"https:\/\/zenkaisen.fr\/ru\/#website"},"primaryImageOfPage":{"@id":"https:\/\/zenkaisen.fr\/livre\/lesprit-du-vin-selon-un-moine-zen\/#primaryimage"},"image":{"@id":"https:\/\/zenkaisen.fr\/livre\/lesprit-du-vin-selon-un-moine-zen\/#primaryimage"},"thumbnailUrl":"https:\/\/zenkaisen.fr\/wp-content\/uploads\/2025\/12\/image-2.png","datePublished":"2025-12-16T01:02:37+00:00","dateModified":"2025-12-16T01:02:39+00:00","breadcrumb":{"@id":"https:\/\/zenkaisen.fr\/livre\/lesprit-du-vin-selon-un-moine-zen\/#breadcrumb"},"inLanguage":"cs","potentialAction":[{"@type":"ReadAction","target":["https:\/\/zenkaisen.fr\/livre\/lesprit-du-vin-selon-un-moine-zen\/"]}]},{"@type":"ImageObject","inLanguage":"cs","@id":"https:\/\/zenkaisen.fr\/livre\/lesprit-du-vin-selon-un-moine-zen\/#primaryimage","url":"https:\/\/zenkaisen.fr\/wp-content\/uploads\/2025\/12\/image-2.png","contentUrl":"https:\/\/zenkaisen.fr\/wp-content\/uploads\/2025\/12\/image-2.png","width":200,"height":341},{"@type":"BreadcrumbList","@id":"https:\/\/zenkaisen.fr\/livre\/lesprit-du-vin-selon-un-moine-zen\/#breadcrumb","itemListElement":[{"@type":"ListItem","position":1,"name":"Strona główna","item":"https:\/\/zenkaisen.fr\/"},{"@type":"ListItem","position":2,"name":"L&#8217;esprit du vin : Selon un moine zen"}]},{"@type":"WebSite","@id":"https:\/\/zenkaisen.fr\/ru\/#website","url":"https:\/\/zenkaisen.fr\/ru\/","name":"Le Zen de Kaisen","description":"Zen","publisher":{"@id":"https:\/\/zenkaisen.fr\/ru\/#organization"},"potentialAction":[{"@type":"SearchAction","target":{"@type":"EntryPoint","urlTemplate":"https:\/\/zenkaisen.fr\/ru\/?s={search_term_string}"},"query-input":{"@type":"PropertyValueSpecification","valueRequired":true,"valueName":"search_term_string"}}],"inLanguage":"cs"},{"@type":"Organization","@id":"https:\/\/zenkaisen.fr\/ru\/#organization","name":"Le Zen de Kaisen","url":"https:\/\/zenkaisen.fr\/ru\/","logo":{"@type":"ImageObject","inLanguage":"cs","@id":"https:\/\/zenkaisen.fr\/ru\/#\/schema\/logo\/image\/","url":"https:\/\/zenkaisen.fr\/wp-content\/uploads\/2025\/07\/logo.png","contentUrl":"https:\/\/zenkaisen.fr\/wp-content\/uploads\/2025\/07\/logo.png","width":300,"height":300,"caption":"Le Zen de Kaisen"},"image":{"@id":"https:\/\/zenkaisen.fr\/ru\/#\/schema\/logo\/image\/"}}]}</script>
<!-- / Yoast SEO plugin. -->

Duch vína: Podle zenového mnicha – Zen Kaisen

Format : Relié, 160 pages&nbsp;Date de publication : 1ᵉʳ mars 2013&nbsp;Éditeur : Tarma&nbsp;ISBN : 9782924157022&nbsp;Épuisé Voici un livre original sur le vin et sur la relation de l&rsquo;homme et du [&hellip;]

Strona główna
