{"id":2379,"date":"2025-12-16T08:48:04","date_gmt":"2025-12-16T08:48:04","guid":{"rendered":"https:\/\/zenkaisen.fr\/?post_type=livre&#038;p=2379"},"modified":"2025-12-16T08:48:05","modified_gmt":"2025-12-16T08:48:05","slug":"duch-kuchyne-podle-zenoveho-mnicha","status":"publish","type":"livre","link":"https:\/\/zenkaisen.fr\/cs\/kniha\/duch-kuchyne-podle-zenoveho-mnicha\/","title":{"rendered":"Duch kuchyn\u011b podle zenov\u00e9ho mnicha"},"content":{"rendered":"<p>Form\u00e1t: 224 stran<br>Datum zve\u0159ejn\u011bn\u00ed: 10. \u0159\u00edjna 2014<br>Vydavatel: Tarma<br>ISBN: 9782924157091&nbsp;<br>Vyprod\u00e1no<\/p>\n\n\n\n<p>\u00abC\u00edlem t\u00e9to knihy je podn\u00edtit ka\u017ed\u00e9ho, aby va\u0159il a jedl s v\u011bdom\u00edm. Nez\u00e1le\u017e\u00ed na tom, co va\u0159\u00edme nebo j\u00edme, jak\u00fdmi n\u00e1stroji a jak\u00fdm zp\u016fsobem, nejd\u016fle\u017eit\u011bj\u0161\u00ed je d\u011blat v\u0161e s velkou pozornost\u00ed.\u00bb.<br>\u00abPokus\u00edm se p\u0159edstavit v\u00fdsledky \u010dty\u0159iceti let zku\u0161enost\u00ed, studia a \u00favah o kuchyni. Bude to p\u0159\u00edle\u017eitost, abych se stal mluv\u010d\u00edm toho, co si p\u0159edstavuji jako nitern\u00e9 my\u0161lenky n\u011bkolika velk\u00fdch \u0161\u00e9fkucha\u0159\u016f, kter\u00e9 respektuji.&nbsp;<br>M\u016fj p\u0159\u00edstup bude podlo\u017een n\u011bkolika z\u00e1sadn\u00edmi ot\u00e1zkami:<br>_ Co v\u00edme o um\u011bn\u00ed va\u0159en\u00ed?<br>_ Co v\u00edme o tajemn\u00e9 s\u00edle, kter\u00e1 v t\u011bchto um\u011blc\u00edch probouz\u00ed tolik kreativity, kr\u00e1sy a up\u0159\u00edmnosti?<br>Jsme si v\u011bdomi daru, kter\u00fd n\u00e1m d\u00e1vaj\u00ed?<br>Jsme si v\u011bdomi dar\u016f, kter\u00e9 n\u00e1m poskytuje p\u0159\u00edroda, \u017eiv\u00e9 bytosti a okoln\u00ed hmota?<br>V\u00edme, co je to vlastn\u011b \u010dlov\u011bk?<br>V\u00ed s\u00e1m, pro\u010d j\u00ed?<br>Je mo\u017en\u00e9 prost\u0159ednictv\u00edm kuchyn\u011b a um\u011bn\u00ed stravov\u00e1n\u00ed l\u00e9pe pochopit na\u0161i roli na Zemi?<br>Douf\u00e1m, \u017ee tyto ot\u00e1zky podn\u00edt\u00ed va\u0161i zv\u011bdavost, a p\u0159eji v\u00e1m dobrou chu\u0165!&nbsp;<br>Sando Kaisen<\/p>","protected":false},"excerpt":{"rendered":"<p>Format : 224 pagesDate de publication : 10 octobre 2014\u00c9diteur : TarmaISBN : 9782924157091&nbsp;\u00c9puis\u00e9 \u00ab Le projet de ce livre est de sugg\u00e9rer \u00e0 chacun de cuisiner et de manger [&hellip;]<\/p>\n","protected":false},"featured_media":2380,"template":"","meta":{"_acf_changed":false},"class_list":["post-2379","livre","type-livre","status-publish","has-post-thumbnail","hentry"],"acf":[],"yoast_head":"<!-- This site is optimized with the Yoast SEO plugin v27.4 - https:\/\/yoast.com\/product\/yoast-seo-wordpress\/ -->\n<title>L&#039;esprit de la cuisine selon un moine zen - Le Zen de Kaisen<\/title>\n<meta name=\"robots\" content=\"index, follow, max-snippet:-1, max-image-preview:large, max-video-preview:-1\" \/>\n<link rel=\"canonical\" href=\"https:\/\/zenkaisen.fr\/cs\/kniha\/duch-kuchyne-podle-zenoveho-mnicha\/\" \/>\n<meta property=\"og:locale\" content=\"cs_CZ\" \/>\n<meta property=\"og:type\" content=\"article\" \/>\n<meta property=\"og:title\" content=\"L&#039;esprit de la cuisine selon un moine zen - Le Zen de Kaisen\" \/>\n<meta property=\"og:description\" content=\"Format : 224 pagesDate de publication : 10 octobre 2014\u00c9diteur : TarmaISBN : 9782924157091&nbsp;\u00c9puis\u00e9 \u00ab Le projet de ce livre est de sugg\u00e9rer \u00e0 chacun de cuisiner et de manger [&hellip;]\" \/>\n<meta property=\"og:url\" content=\"https:\/\/zenkaisen.fr\/cs\/kniha\/duch-kuchyne-podle-zenoveho-mnicha\/\" \/>\n<meta property=\"og:site_name\" content=\"Le Zen de Kaisen\" \/>\n<meta property=\"article:modified_time\" content=\"2025-12-16T08:48:05+00:00\" \/>\n<meta property=\"og:image\" content=\"https:\/\/zenkaisen.fr\/wp-content\/uploads\/2025\/12\/image-3.png\" \/>\n\t<meta property=\"og:image:width\" content=\"200\" \/>\n\t<meta property=\"og:image:height\" content=\"349\" \/>\n\t<meta property=\"og:image:type\" content=\"image\/png\" \/>\n<meta name=\"twitter:card\" content=\"summary_large_image\" \/>\n<meta name=\"twitter:label1\" content=\"Odhadovan\u00e1 doba \u010dten\u00ed\" \/>\n\t<meta name=\"twitter:data1\" content=\"2 minuty\" \/>\n<script type=\"application\/ld+json\" class=\"yoast-schema-graph\">{\"@context\":\"https:\\\/\\\/schema.org\",\"@graph\":[{\"@type\":\"WebPage\",\"@id\":\"https:\\\/\\\/zenkaisen.fr\\\/livre\\\/lesprit-de-la-cuisine-selon-un-moine-zen\\\/\",\"url\":\"https:\\\/\\\/zenkaisen.fr\\\/livre\\\/lesprit-de-la-cuisine-selon-un-moine-zen\\\/\",\"name\":\"L'esprit de la cuisine selon un moine zen - Le Zen de Kaisen\",\"isPartOf\":{\"@id\":\"https:\\\/\\\/zenkaisen.fr\\\/ru\\\/#website\"},\"primaryImageOfPage\":{\"@id\":\"https:\\\/\\\/zenkaisen.fr\\\/livre\\\/lesprit-de-la-cuisine-selon-un-moine-zen\\\/#primaryimage\"},\"image\":{\"@id\":\"https:\\\/\\\/zenkaisen.fr\\\/livre\\\/lesprit-de-la-cuisine-selon-un-moine-zen\\\/#primaryimage\"},\"thumbnailUrl\":\"https:\\\/\\\/zenkaisen.fr\\\/wp-content\\\/uploads\\\/2025\\\/12\\\/image-3.png\",\"datePublished\":\"2025-12-16T08:48:04+00:00\",\"dateModified\":\"2025-12-16T08:48:05+00:00\",\"breadcrumb\":{\"@id\":\"https:\\\/\\\/zenkaisen.fr\\\/livre\\\/lesprit-de-la-cuisine-selon-un-moine-zen\\\/#breadcrumb\"},\"inLanguage\":\"cs\",\"potentialAction\":[{\"@type\":\"ReadAction\",\"target\":[\"https:\\\/\\\/zenkaisen.fr\\\/livre\\\/lesprit-de-la-cuisine-selon-un-moine-zen\\\/\"]}]},{\"@type\":\"ImageObject\",\"inLanguage\":\"cs\",\"@id\":\"https:\\\/\\\/zenkaisen.fr\\\/livre\\\/lesprit-de-la-cuisine-selon-un-moine-zen\\\/#primaryimage\",\"url\":\"https:\\\/\\\/zenkaisen.fr\\\/wp-content\\\/uploads\\\/2025\\\/12\\\/image-3.png\",\"contentUrl\":\"https:\\\/\\\/zenkaisen.fr\\\/wp-content\\\/uploads\\\/2025\\\/12\\\/image-3.png\",\"width\":200,\"height\":349},{\"@type\":\"BreadcrumbList\",\"@id\":\"https:\\\/\\\/zenkaisen.fr\\\/livre\\\/lesprit-de-la-cuisine-selon-un-moine-zen\\\/#breadcrumb\",\"itemListElement\":[{\"@type\":\"ListItem\",\"position\":1,\"name\":\"Strona g\u0142\u00f3wna\",\"item\":\"https:\\\/\\\/zenkaisen.fr\\\/\"},{\"@type\":\"ListItem\",\"position\":2,\"name\":\"L&#8217;esprit de la cuisine selon un moine zen\"}]},{\"@type\":\"WebSite\",\"@id\":\"https:\\\/\\\/zenkaisen.fr\\\/ru\\\/#website\",\"url\":\"https:\\\/\\\/zenkaisen.fr\\\/ru\\\/\",\"name\":\"Le Zen de Kaisen\",\"description\":\"Zen\",\"publisher\":{\"@id\":\"https:\\\/\\\/zenkaisen.fr\\\/ru\\\/#organization\"},\"potentialAction\":[{\"@type\":\"SearchAction\",\"target\":{\"@type\":\"EntryPoint\",\"urlTemplate\":\"https:\\\/\\\/zenkaisen.fr\\\/ru\\\/?s={search_term_string}\"},\"query-input\":{\"@type\":\"PropertyValueSpecification\",\"valueRequired\":true,\"valueName\":\"search_term_string\"}}],\"inLanguage\":\"cs\"},{\"@type\":\"Organization\",\"@id\":\"https:\\\/\\\/zenkaisen.fr\\\/ru\\\/#organization\",\"name\":\"Le Zen de Kaisen\",\"url\":\"https:\\\/\\\/zenkaisen.fr\\\/ru\\\/\",\"logo\":{\"@type\":\"ImageObject\",\"inLanguage\":\"cs\",\"@id\":\"https:\\\/\\\/zenkaisen.fr\\\/ru\\\/#\\\/schema\\\/logo\\\/image\\\/\",\"url\":\"https:\\\/\\\/zenkaisen.fr\\\/wp-content\\\/uploads\\\/2025\\\/07\\\/logo.png\",\"contentUrl\":\"https:\\\/\\\/zenkaisen.fr\\\/wp-content\\\/uploads\\\/2025\\\/07\\\/logo.png\",\"width\":300,\"height\":300,\"caption\":\"Le Zen de Kaisen\"},\"image\":{\"@id\":\"https:\\\/\\\/zenkaisen.fr\\\/ru\\\/#\\\/schema\\\/logo\\\/image\\\/\"}}]}<\/script>\n<!-- \/ Yoast SEO plugin. -->","yoast_head_json":{"title":"Duch kuchyn\u011b podle zenov\u00e9ho mnicha \u2013 Zen Kaisen","robots":{"index":"index","follow":"follow","max-snippet":"max-snippet:-1","max-image-preview":"max-image-preview:large","max-video-preview":"max-video-preview:-1"},"canonical":"https:\/\/zenkaisen.fr\/cs\/kniha\/duch-kuchyne-podle-zenoveho-mnicha\/","og_locale":"cs_CZ","og_type":"article","og_title":"L'esprit de la cuisine selon un moine zen - Le Zen de Kaisen","og_description":"Format : 224 pagesDate de publication : 10 octobre 2014\u00c9diteur : TarmaISBN : 9782924157091&nbsp;\u00c9puis\u00e9 \u00ab Le projet de ce livre est de sugg\u00e9rer \u00e0 chacun de cuisiner et de manger [&hellip;]","og_url":"https:\/\/zenkaisen.fr\/cs\/kniha\/duch-kuchyne-podle-zenoveho-mnicha\/","og_site_name":"Le Zen de Kaisen","article_modified_time":"2025-12-16T08:48:05+00:00","og_image":[{"width":200,"height":349,"url":"https:\/\/zenkaisen.fr\/wp-content\/uploads\/2025\/12\/image-3.png","type":"image\/png"}],"twitter_card":"summary_large_image","twitter_misc":{"Odhadovan\u00e1 doba \u010dten\u00ed":"2 minuty"},"schema":{"@context":"https:\/\/schema.org","@graph":[{"@type":"WebPage","@id":"https:\/\/zenkaisen.fr\/livre\/lesprit-de-la-cuisine-selon-un-moine-zen\/","url":"https:\/\/zenkaisen.fr\/livre\/lesprit-de-la-cuisine-selon-un-moine-zen\/","name":"Duch kuchyn\u011b podle zenov\u00e9ho mnicha \u2013 Zen Kaisen","isPartOf":{"@id":"https:\/\/zenkaisen.fr\/ru\/#website"},"primaryImageOfPage":{"@id":"https:\/\/zenkaisen.fr\/livre\/lesprit-de-la-cuisine-selon-un-moine-zen\/#primaryimage"},"image":{"@id":"https:\/\/zenkaisen.fr\/livre\/lesprit-de-la-cuisine-selon-un-moine-zen\/#primaryimage"},"thumbnailUrl":"https:\/\/zenkaisen.fr\/wp-content\/uploads\/2025\/12\/image-3.png","datePublished":"2025-12-16T08:48:04+00:00","dateModified":"2025-12-16T08:48:05+00:00","breadcrumb":{"@id":"https:\/\/zenkaisen.fr\/livre\/lesprit-de-la-cuisine-selon-un-moine-zen\/#breadcrumb"},"inLanguage":"cs","potentialAction":[{"@type":"ReadAction","target":["https:\/\/zenkaisen.fr\/livre\/lesprit-de-la-cuisine-selon-un-moine-zen\/"]}]},{"@type":"ImageObject","inLanguage":"cs","@id":"https:\/\/zenkaisen.fr\/livre\/lesprit-de-la-cuisine-selon-un-moine-zen\/#primaryimage","url":"https:\/\/zenkaisen.fr\/wp-content\/uploads\/2025\/12\/image-3.png","contentUrl":"https:\/\/zenkaisen.fr\/wp-content\/uploads\/2025\/12\/image-3.png","width":200,"height":349},{"@type":"BreadcrumbList","@id":"https:\/\/zenkaisen.fr\/livre\/lesprit-de-la-cuisine-selon-un-moine-zen\/#breadcrumb","itemListElement":[{"@type":"ListItem","position":1,"name":"Strona g\u0142\u00f3wna","item":"https:\/\/zenkaisen.fr\/"},{"@type":"ListItem","position":2,"name":"L&#8217;esprit de la cuisine selon un moine zen"}]},{"@type":"WebSite","@id":"https:\/\/zenkaisen.fr\/ru\/#website","url":"https:\/\/zenkaisen.fr\/ru\/","name":"Zen Kaisen","description":"Zen","publisher":{"@id":"https:\/\/zenkaisen.fr\/ru\/#organization"},"potentialAction":[{"@type":"SearchAction","target":{"@type":"EntryPoint","urlTemplate":"https:\/\/zenkaisen.fr\/ru\/?s={search_term_string}"},"query-input":{"@type":"PropertyValueSpecification","valueRequired":true,"valueName":"search_term_string"}}],"inLanguage":"cs"},{"@type":"Organization","@id":"https:\/\/zenkaisen.fr\/ru\/#organization","name":"Zen Kaisen","url":"https:\/\/zenkaisen.fr\/ru\/","logo":{"@type":"ImageObject","inLanguage":"cs","@id":"https:\/\/zenkaisen.fr\/ru\/#\/schema\/logo\/image\/","url":"https:\/\/zenkaisen.fr\/wp-content\/uploads\/2025\/07\/logo.png","contentUrl":"https:\/\/zenkaisen.fr\/wp-content\/uploads\/2025\/07\/logo.png","width":300,"height":300,"caption":"Le Zen de Kaisen"},"image":{"@id":"https:\/\/zenkaisen.fr\/ru\/#\/schema\/logo\/image\/"}}]}},"_links":{"self":[{"href":"https:\/\/zenkaisen.fr\/cs\/wp-json\/wp\/v2\/livre\/2379","targetHints":{"allow":["GET"]}}],"collection":[{"href":"https:\/\/zenkaisen.fr\/cs\/wp-json\/wp\/v2\/livre"}],"about":[{"href":"https:\/\/zenkaisen.fr\/cs\/wp-json\/wp\/v2\/types\/livre"}],"wp:featuredmedia":[{"embeddable":true,"href":"https:\/\/zenkaisen.fr\/cs\/wp-json\/wp\/v2\/media\/2380"}],"wp:attachment":[{"href":"https:\/\/zenkaisen.fr\/cs\/wp-json\/wp\/v2\/media?parent=2379"}],"curies":[{"name":"wp","href":"https:\/\/api.w.org\/{rel}","templated":true}]}}

Duch kuchyně podle zenového mnicha

<p>Formát: 224 stran<br>Datum zveřejnění: 10. října 2014<br>Vydavatel: Tarma<br>ISBN: 9782924157091&nbsp;<br>Vyprodáno</p>



<p>«Cílem této knihy je podnítit každého, aby vařil a jedl s vědomím. Nezáleží na tom, co vaříme nebo jíme, jakými nástroji a jakým způsobem, nejdůležitější je dělat vše s velkou pozorností.».<br>«Pokusím se představit výsledky čtyřiceti let zkušeností, studia a úvah o kuchyni. Bude to příležitost, abych se stal mluvčím toho, co si představuji jako niterné myšlenky několika velkých šéfkuchařů, které respektuji.&nbsp;<br>Můj přístup bude podložen několika zásadními otázkami:<br>_ Co víme o umění vaření?<br>_ Co víme o tajemné síle, která v těchto umělcích probouzí tolik kreativity, krásy a upřímnosti?<br>Jsme si vědomi daru, který nám dávají?<br>Jsme si vědomi darů, které nám poskytuje příroda, živé bytosti a okolní hmota?<br>Víme, co je to vlastně člověk?<br>Ví sám, proč jí?<br>Je možné prostřednictvím kuchyně a umění stravování lépe pochopit naši roli na Zemi?<br>Doufám, že tyto otázky podnítí vaši zvědavost, a přeji vám dobrou chuť!&nbsp;<br>Sando Kaisen</p>

<p>Format : 224 pagesDate de publication : 10 octobre 2014Éditeur : TarmaISBN : 9782924157091&nbsp;Épuisé « Le projet de ce livre est de suggérer à chacun de cuisiner et de manger [&hellip;]</p>

<!-- This site is optimized with the Yoast SEO plugin v27.4 - https://yoast.com/product/yoast-seo-wordpress/ -->
<title>L&#039;esprit de la cuisine selon un moine zen - Le Zen de Kaisen</title>
<meta name="robots" content="index, follow, max-snippet:-1, max-image-preview:large, max-video-preview:-1" />
<link rel="canonical" href="https://zenkaisen.fr/cs/kniha/duch-kuchyne-podle-zenoveho-mnicha/" />
<meta property="og:locale" content="cs_CZ" />
<meta property="og:type" content="article" />
<meta property="og:title" content="L&#039;esprit de la cuisine selon un moine zen - Le Zen de Kaisen" />
<meta property="og:description" content="Format : 224 pagesDate de publication : 10 octobre 2014Éditeur : TarmaISBN : 9782924157091&nbsp;Épuisé « Le projet de ce livre est de suggérer à chacun de cuisiner et de manger [&hellip;]" />
<meta property="og:url" content="https://zenkaisen.fr/cs/kniha/duch-kuchyne-podle-zenoveho-mnicha/" />
<meta property="og:site_name" content="Le Zen de Kaisen" />
<meta property="article:modified_time" content="2025-12-16T08:48:05+00:00" />
<meta property="og:image" content="https://zenkaisen.fr/wp-content/uploads/2025/12/image-3.png" />
	<meta property="og:image:width" content="200" />
	<meta property="og:image:height" content="349" />
	<meta property="og:image:type" content="image/png" />
<meta name="twitter:card" content="summary_large_image" />
<meta name="twitter:label1" content="Odhadovaná doba čtení" />
	<meta name="twitter:data1" content="2 minuty" />
<script type="application/ld+json" class="yoast-schema-graph">{"@context":"https:\/\/schema.org","@graph":[{"@type":"WebPage","@id":"https:\/\/zenkaisen.fr\/livre\/lesprit-de-la-cuisine-selon-un-moine-zen\/","url":"https:\/\/zenkaisen.fr\/livre\/lesprit-de-la-cuisine-selon-un-moine-zen\/","name":"L'esprit de la cuisine selon un moine zen - Le Zen de Kaisen","isPartOf":{"@id":"https:\/\/zenkaisen.fr\/ru\/#website"},"primaryImageOfPage":{"@id":"https:\/\/zenkaisen.fr\/livre\/lesprit-de-la-cuisine-selon-un-moine-zen\/#primaryimage"},"image":{"@id":"https:\/\/zenkaisen.fr\/livre\/lesprit-de-la-cuisine-selon-un-moine-zen\/#primaryimage"},"thumbnailUrl":"https:\/\/zenkaisen.fr\/wp-content\/uploads\/2025\/12\/image-3.png","datePublished":"2025-12-16T08:48:04+00:00","dateModified":"2025-12-16T08:48:05+00:00","breadcrumb":{"@id":"https:\/\/zenkaisen.fr\/livre\/lesprit-de-la-cuisine-selon-un-moine-zen\/#breadcrumb"},"inLanguage":"cs","potentialAction":[{"@type":"ReadAction","target":["https:\/\/zenkaisen.fr\/livre\/lesprit-de-la-cuisine-selon-un-moine-zen\/"]}]},{"@type":"ImageObject","inLanguage":"cs","@id":"https:\/\/zenkaisen.fr\/livre\/lesprit-de-la-cuisine-selon-un-moine-zen\/#primaryimage","url":"https:\/\/zenkaisen.fr\/wp-content\/uploads\/2025\/12\/image-3.png","contentUrl":"https:\/\/zenkaisen.fr\/wp-content\/uploads\/2025\/12\/image-3.png","width":200,"height":349},{"@type":"BreadcrumbList","@id":"https:\/\/zenkaisen.fr\/livre\/lesprit-de-la-cuisine-selon-un-moine-zen\/#breadcrumb","itemListElement":[{"@type":"ListItem","position":1,"name":"Strona główna","item":"https:\/\/zenkaisen.fr\/"},{"@type":"ListItem","position":2,"name":"L&#8217;esprit de la cuisine selon un moine zen"}]},{"@type":"WebSite","@id":"https:\/\/zenkaisen.fr\/ru\/#website","url":"https:\/\/zenkaisen.fr\/ru\/","name":"Le Zen de Kaisen","description":"Zen","publisher":{"@id":"https:\/\/zenkaisen.fr\/ru\/#organization"},"potentialAction":[{"@type":"SearchAction","target":{"@type":"EntryPoint","urlTemplate":"https:\/\/zenkaisen.fr\/ru\/?s={search_term_string}"},"query-input":{"@type":"PropertyValueSpecification","valueRequired":true,"valueName":"search_term_string"}}],"inLanguage":"cs"},{"@type":"Organization","@id":"https:\/\/zenkaisen.fr\/ru\/#organization","name":"Le Zen de Kaisen","url":"https:\/\/zenkaisen.fr\/ru\/","logo":{"@type":"ImageObject","inLanguage":"cs","@id":"https:\/\/zenkaisen.fr\/ru\/#\/schema\/logo\/image\/","url":"https:\/\/zenkaisen.fr\/wp-content\/uploads\/2025\/07\/logo.png","contentUrl":"https:\/\/zenkaisen.fr\/wp-content\/uploads\/2025\/07\/logo.png","width":300,"height":300,"caption":"Le Zen de Kaisen"},"image":{"@id":"https:\/\/zenkaisen.fr\/ru\/#\/schema\/logo\/image\/"}}]}</script>
<!-- / Yoast SEO plugin. -->

Duch kuchyně podle zenového mnicha – Zen Kaisen

Format : 224 pagesDate de publication : 10 octobre 2014Éditeur : TarmaISBN : 9782924157091&nbsp;Épuisé « Le projet de ce livre est de suggérer à chacun de cuisiner et de manger [&hellip;]

Strona główna
