{"id":2513,"date":"2025-12-27T18:42:44","date_gmt":"2025-12-27T18:42:44","guid":{"rendered":"https:\/\/zenkaisen.fr\/?post_type=livre&#038;p=2513"},"modified":"2025-12-27T18:42:45","modified_gmt":"2025-12-27T18:42:45","slug":"zivot-a-smrt","status":"publish","type":"livre","link":"https:\/\/zenkaisen.fr\/cs\/kniha\/zivot-a-smrt\/","title":{"rendered":"\u017divot a smrt"},"content":{"rendered":"<p>Form\u00e1t: CD, D\u00e9lka: 30\u2032&nbsp;<br>Datum zve\u0159ejn\u011bn\u00ed: 15. dubna 2002&nbsp;<br>Vydavatel: Univox<\/p>\n\n\n\n<p>V\u00fduka b\u011bhem meditace.&nbsp;<br>\u00abV\u0161echny jevy jsou pr\u00e1zdn\u00e9 podstaty. I kdy\u017e se zd\u00e1, \u017ee t\u011blo se rod\u00ed a um\u00edr\u00e1, v pr\u00e1zdnot\u011b neexistuje ani zrozen\u00ed, ani smrt. Pr\u00e1zdnota je v\u011b\u010dn\u00e1 realita bez za\u010d\u00e1tku a konce. Pozice zazen mus\u00ed odr\u00e1\u017eet v\u011b\u010dnou realitu, kter\u00e1 p\u0159esahuje iluzi a osv\u00edcen\u00ed.\u00bb&nbsp;<br>V\u00fduka je nahr\u00e1v\u00e1na p\u0159\u00edmo b\u011bhem medita\u010dn\u00ed seance a pot\u00e9 remixov\u00e1na bez \u00faprav. B\u011bhem zazenu p\u0159ed\u00e1v\u00e1 Sando Kaisen v\u00fduku praktikuj\u00edc\u00edm, kte\u0159\u00ed sed\u00ed v tichosti \u010delem ke zdi. Ti p\u0159ij\u00edmaj\u00ed jeho slova p\u0159\u00edmo v hloubce zazenu, ani\u017e by analyzovali nebo komentovali to, co sly\u0161\u00ed. V\u00fduka tak pronik\u00e1 do cel\u00e9ho byt\u00ed bez interference osobn\u00edho mysli. Poslucha\u010di tohoto CD jsou vyzv\u00e1ni, aby naslouchali s hlubokou pozornost\u00ed, bez zvl\u00e1\u0161tn\u00edho rozpolo\u017een\u00ed mysli, jako b\u011bhem meditace.<\/p>\n\n\n\n<p>Audio uk\u00e1zky:\u00a0<\/p>\n\n\n\n<audio src=\"https:\/\/devteam.stronazen.pl\/old-zenkaisen\/wp-content\/uploads\/2024\/05\/5-vie-et-mort.mp3\" preload=\"none\" controls=\"controls\"><\/audio>","protected":false},"excerpt":{"rendered":"<p>Format : CD, Dur\u00e9e : 30&prime;&nbsp;Date de publication : 15 avril 2002&nbsp;\u00c9diteur : Univox Enseignement pendant la m\u00e9ditation.&nbsp;\u00ab Tous les ph\u00e9nom\u00e8nes sont vides de substance. M\u00eame si apparement le corps [&hellip;]<\/p>\n","protected":false},"featured_media":2496,"template":"","meta":{"_acf_changed":false},"class_list":["post-2513","livre","type-livre","status-publish","has-post-thumbnail","hentry"],"acf":[],"yoast_head":"<!-- This site is optimized with the Yoast SEO plugin v27.5 - https:\/\/yoast.com\/product\/yoast-seo-wordpress\/ -->\n<title>Vie et mort - Le Zen de Kaisen<\/title>\n<meta name=\"robots\" content=\"index, follow, max-snippet:-1, max-image-preview:large, max-video-preview:-1\" \/>\n<link rel=\"canonical\" href=\"https:\/\/zenkaisen.fr\/cs\/kniha\/zivot-a-smrt\/\" \/>\n<meta property=\"og:locale\" content=\"cs_CZ\" \/>\n<meta property=\"og:type\" content=\"article\" \/>\n<meta property=\"og:title\" content=\"Vie et mort - Le Zen de Kaisen\" \/>\n<meta property=\"og:description\" content=\"Format : CD, Dur\u00e9e : 30&prime;&nbsp;Date de publication : 15 avril 2002&nbsp;\u00c9diteur : Univox Enseignement pendant la m\u00e9ditation.&nbsp;\u00ab Tous les ph\u00e9nom\u00e8nes sont vides de substance. M\u00eame si apparement le corps [&hellip;]\" \/>\n<meta property=\"og:url\" content=\"https:\/\/zenkaisen.fr\/cs\/kniha\/zivot-a-smrt\/\" \/>\n<meta property=\"og:site_name\" content=\"Le Zen de Kaisen\" \/>\n<meta property=\"article:modified_time\" content=\"2025-12-27T18:42:45+00:00\" \/>\n<meta property=\"og:image\" content=\"https:\/\/zenkaisen.fr\/wp-content\/uploads\/2025\/12\/Vie-et-mort.jpg\" \/>\n\t<meta property=\"og:image:width\" content=\"200\" \/>\n\t<meta property=\"og:image:height\" content=\"200\" \/>\n\t<meta property=\"og:image:type\" content=\"image\/jpeg\" \/>\n<meta name=\"twitter:card\" content=\"summary_large_image\" \/>\n<meta name=\"twitter:label1\" content=\"Odhadovan\u00e1 doba \u010dten\u00ed\" \/>\n\t<meta name=\"twitter:data1\" content=\"2 minuty\" \/>\n<script type=\"application\/ld+json\" class=\"yoast-schema-graph\">{\"@context\":\"https:\\\/\\\/schema.org\",\"@graph\":[{\"@type\":\"WebPage\",\"@id\":\"https:\\\/\\\/zenkaisen.fr\\\/livre\\\/vie-et-mort\\\/\",\"url\":\"https:\\\/\\\/zenkaisen.fr\\\/livre\\\/vie-et-mort\\\/\",\"name\":\"Vie et mort - Le Zen de Kaisen\",\"isPartOf\":{\"@id\":\"https:\\\/\\\/zenkaisen.fr\\\/ru\\\/#website\"},\"primaryImageOfPage\":{\"@id\":\"https:\\\/\\\/zenkaisen.fr\\\/livre\\\/vie-et-mort\\\/#primaryimage\"},\"image\":{\"@id\":\"https:\\\/\\\/zenkaisen.fr\\\/livre\\\/vie-et-mort\\\/#primaryimage\"},\"thumbnailUrl\":\"https:\\\/\\\/zenkaisen.fr\\\/wp-content\\\/uploads\\\/2025\\\/12\\\/Vie-et-mort.jpg\",\"datePublished\":\"2025-12-27T18:42:44+00:00\",\"dateModified\":\"2025-12-27T18:42:45+00:00\",\"breadcrumb\":{\"@id\":\"https:\\\/\\\/zenkaisen.fr\\\/livre\\\/vie-et-mort\\\/#breadcrumb\"},\"inLanguage\":\"cs\",\"potentialAction\":[{\"@type\":\"ReadAction\",\"target\":[\"https:\\\/\\\/zenkaisen.fr\\\/livre\\\/vie-et-mort\\\/\"]}]},{\"@type\":\"ImageObject\",\"inLanguage\":\"cs\",\"@id\":\"https:\\\/\\\/zenkaisen.fr\\\/livre\\\/vie-et-mort\\\/#primaryimage\",\"url\":\"https:\\\/\\\/zenkaisen.fr\\\/wp-content\\\/uploads\\\/2025\\\/12\\\/Vie-et-mort.jpg\",\"contentUrl\":\"https:\\\/\\\/zenkaisen.fr\\\/wp-content\\\/uploads\\\/2025\\\/12\\\/Vie-et-mort.jpg\",\"width\":200,\"height\":200},{\"@type\":\"BreadcrumbList\",\"@id\":\"https:\\\/\\\/zenkaisen.fr\\\/livre\\\/vie-et-mort\\\/#breadcrumb\",\"itemListElement\":[{\"@type\":\"ListItem\",\"position\":1,\"name\":\"Strona g\u0142\u00f3wna\",\"item\":\"https:\\\/\\\/zenkaisen.fr\\\/\"},{\"@type\":\"ListItem\",\"position\":2,\"name\":\"Vie et mort\"}]},{\"@type\":\"WebSite\",\"@id\":\"https:\\\/\\\/zenkaisen.fr\\\/ru\\\/#website\",\"url\":\"https:\\\/\\\/zenkaisen.fr\\\/ru\\\/\",\"name\":\"Le Zen de Kaisen\",\"description\":\"Zen\",\"publisher\":{\"@id\":\"https:\\\/\\\/zenkaisen.fr\\\/ru\\\/#organization\"},\"potentialAction\":[{\"@type\":\"SearchAction\",\"target\":{\"@type\":\"EntryPoint\",\"urlTemplate\":\"https:\\\/\\\/zenkaisen.fr\\\/ru\\\/?s={search_term_string}\"},\"query-input\":{\"@type\":\"PropertyValueSpecification\",\"valueRequired\":true,\"valueName\":\"search_term_string\"}}],\"inLanguage\":\"cs\"},{\"@type\":\"Organization\",\"@id\":\"https:\\\/\\\/zenkaisen.fr\\\/ru\\\/#organization\",\"name\":\"Le Zen de Kaisen\",\"url\":\"https:\\\/\\\/zenkaisen.fr\\\/ru\\\/\",\"logo\":{\"@type\":\"ImageObject\",\"inLanguage\":\"cs\",\"@id\":\"https:\\\/\\\/zenkaisen.fr\\\/ru\\\/#\\\/schema\\\/logo\\\/image\\\/\",\"url\":\"https:\\\/\\\/zenkaisen.fr\\\/wp-content\\\/uploads\\\/2025\\\/07\\\/logo.png\",\"contentUrl\":\"https:\\\/\\\/zenkaisen.fr\\\/wp-content\\\/uploads\\\/2025\\\/07\\\/logo.png\",\"width\":300,\"height\":300,\"caption\":\"Le Zen de Kaisen\"},\"image\":{\"@id\":\"https:\\\/\\\/zenkaisen.fr\\\/ru\\\/#\\\/schema\\\/logo\\\/image\\\/\"}}]}<\/script>\n<!-- \/ Yoast SEO plugin. -->","yoast_head_json":{"title":"\u017divot a smrt \u2013 Zen Kaisen","robots":{"index":"index","follow":"follow","max-snippet":"max-snippet:-1","max-image-preview":"max-image-preview:large","max-video-preview":"max-video-preview:-1"},"canonical":"https:\/\/zenkaisen.fr\/cs\/kniha\/zivot-a-smrt\/","og_locale":"cs_CZ","og_type":"article","og_title":"Vie et mort - Le Zen de Kaisen","og_description":"Format : CD, Dur\u00e9e : 30&prime;&nbsp;Date de publication : 15 avril 2002&nbsp;\u00c9diteur : Univox Enseignement pendant la m\u00e9ditation.&nbsp;\u00ab Tous les ph\u00e9nom\u00e8nes sont vides de substance. M\u00eame si apparement le corps [&hellip;]","og_url":"https:\/\/zenkaisen.fr\/cs\/kniha\/zivot-a-smrt\/","og_site_name":"Le Zen de Kaisen","article_modified_time":"2025-12-27T18:42:45+00:00","og_image":[{"width":200,"height":200,"url":"https:\/\/zenkaisen.fr\/wp-content\/uploads\/2025\/12\/Vie-et-mort.jpg","type":"image\/jpeg"}],"twitter_card":"summary_large_image","twitter_misc":{"Odhadovan\u00e1 doba \u010dten\u00ed":"2 minuty"},"schema":{"@context":"https:\/\/schema.org","@graph":[{"@type":"WebPage","@id":"https:\/\/zenkaisen.fr\/livre\/vie-et-mort\/","url":"https:\/\/zenkaisen.fr\/livre\/vie-et-mort\/","name":"\u017divot a smrt \u2013 Zen Kaisen","isPartOf":{"@id":"https:\/\/zenkaisen.fr\/ru\/#website"},"primaryImageOfPage":{"@id":"https:\/\/zenkaisen.fr\/livre\/vie-et-mort\/#primaryimage"},"image":{"@id":"https:\/\/zenkaisen.fr\/livre\/vie-et-mort\/#primaryimage"},"thumbnailUrl":"https:\/\/zenkaisen.fr\/wp-content\/uploads\/2025\/12\/Vie-et-mort.jpg","datePublished":"2025-12-27T18:42:44+00:00","dateModified":"2025-12-27T18:42:45+00:00","breadcrumb":{"@id":"https:\/\/zenkaisen.fr\/livre\/vie-et-mort\/#breadcrumb"},"inLanguage":"cs","potentialAction":[{"@type":"ReadAction","target":["https:\/\/zenkaisen.fr\/livre\/vie-et-mort\/"]}]},{"@type":"ImageObject","inLanguage":"cs","@id":"https:\/\/zenkaisen.fr\/livre\/vie-et-mort\/#primaryimage","url":"https:\/\/zenkaisen.fr\/wp-content\/uploads\/2025\/12\/Vie-et-mort.jpg","contentUrl":"https:\/\/zenkaisen.fr\/wp-content\/uploads\/2025\/12\/Vie-et-mort.jpg","width":200,"height":200},{"@type":"BreadcrumbList","@id":"https:\/\/zenkaisen.fr\/livre\/vie-et-mort\/#breadcrumb","itemListElement":[{"@type":"ListItem","position":1,"name":"Strona g\u0142\u00f3wna","item":"https:\/\/zenkaisen.fr\/"},{"@type":"ListItem","position":2,"name":"Vie et mort"}]},{"@type":"WebSite","@id":"https:\/\/zenkaisen.fr\/ru\/#website","url":"https:\/\/zenkaisen.fr\/ru\/","name":"Zen Kaisen","description":"Zen","publisher":{"@id":"https:\/\/zenkaisen.fr\/ru\/#organization"},"potentialAction":[{"@type":"SearchAction","target":{"@type":"EntryPoint","urlTemplate":"https:\/\/zenkaisen.fr\/ru\/?s={search_term_string}"},"query-input":{"@type":"PropertyValueSpecification","valueRequired":true,"valueName":"search_term_string"}}],"inLanguage":"cs"},{"@type":"Organization","@id":"https:\/\/zenkaisen.fr\/ru\/#organization","name":"Zen Kaisen","url":"https:\/\/zenkaisen.fr\/ru\/","logo":{"@type":"ImageObject","inLanguage":"cs","@id":"https:\/\/zenkaisen.fr\/ru\/#\/schema\/logo\/image\/","url":"https:\/\/zenkaisen.fr\/wp-content\/uploads\/2025\/07\/logo.png","contentUrl":"https:\/\/zenkaisen.fr\/wp-content\/uploads\/2025\/07\/logo.png","width":300,"height":300,"caption":"Le Zen de Kaisen"},"image":{"@id":"https:\/\/zenkaisen.fr\/ru\/#\/schema\/logo\/image\/"}}]}},"_links":{"self":[{"href":"https:\/\/zenkaisen.fr\/cs\/wp-json\/wp\/v2\/livre\/2513","targetHints":{"allow":["GET"]}}],"collection":[{"href":"https:\/\/zenkaisen.fr\/cs\/wp-json\/wp\/v2\/livre"}],"about":[{"href":"https:\/\/zenkaisen.fr\/cs\/wp-json\/wp\/v2\/types\/livre"}],"wp:featuredmedia":[{"embeddable":true,"href":"https:\/\/zenkaisen.fr\/cs\/wp-json\/wp\/v2\/media\/2496"}],"wp:attachment":[{"href":"https:\/\/zenkaisen.fr\/cs\/wp-json\/wp\/v2\/media?parent=2513"}],"curies":[{"name":"wp","href":"https:\/\/api.w.org\/{rel}","templated":true}]}}

Život a smrt

<p>Formát: CD, Délka: 30′&nbsp;<br>Datum zveřejnění: 15. dubna 2002&nbsp;<br>Vydavatel: Univox</p>



<p>Výuka během meditace.&nbsp;<br>«Všechny jevy jsou prázdné podstaty. I když se zdá, že tělo se rodí a umírá, v prázdnotě neexistuje ani zrození, ani smrt. Prázdnota je věčná realita bez začátku a konce. Pozice zazen musí odrážet věčnou realitu, která přesahuje iluzi a osvícení.»&nbsp;<br>Výuka je nahrávána přímo během meditační seance a poté remixována bez úprav. Během zazenu předává Sando Kaisen výuku praktikujícím, kteří sedí v tichosti čelem ke zdi. Ti přijímají jeho slova přímo v hloubce zazenu, aniž by analyzovali nebo komentovali to, co slyší. Výuka tak proniká do celého bytí bez interference osobního mysli. Posluchači tohoto CD jsou vyzváni, aby naslouchali s hlubokou pozorností, bez zvláštního rozpoložení mysli, jako během meditace.</p>



<p>Audio ukázky: </p>



<audio src="https://devteam.stronazen.pl/old-zenkaisen/wp-content/uploads/2024/05/5-vie-et-mort.mp3" preload="none" controls="controls"></audio>

<p>Format : CD, Durée : 30&prime;&nbsp;Date de publication : 15 avril 2002&nbsp;Éditeur : Univox Enseignement pendant la méditation.&nbsp;« Tous les phénomènes sont vides de substance. Même si apparement le corps [&hellip;]</p>

<!-- This site is optimized with the Yoast SEO plugin v27.5 - https://yoast.com/product/yoast-seo-wordpress/ -->
<title>Vie et mort - Le Zen de Kaisen</title>
<meta name="robots" content="index, follow, max-snippet:-1, max-image-preview:large, max-video-preview:-1" />
<link rel="canonical" href="https://zenkaisen.fr/cs/kniha/zivot-a-smrt/" />
<meta property="og:locale" content="cs_CZ" />
<meta property="og:type" content="article" />
<meta property="og:title" content="Vie et mort - Le Zen de Kaisen" />
<meta property="og:description" content="Format : CD, Durée : 30&prime;&nbsp;Date de publication : 15 avril 2002&nbsp;Éditeur : Univox Enseignement pendant la méditation.&nbsp;« Tous les phénomènes sont vides de substance. Même si apparement le corps [&hellip;]" />
<meta property="og:url" content="https://zenkaisen.fr/cs/kniha/zivot-a-smrt/" />
<meta property="og:site_name" content="Le Zen de Kaisen" />
<meta property="article:modified_time" content="2025-12-27T18:42:45+00:00" />
<meta property="og:image" content="https://zenkaisen.fr/wp-content/uploads/2025/12/Vie-et-mort.jpg" />
	<meta property="og:image:width" content="200" />
	<meta property="og:image:height" content="200" />
	<meta property="og:image:type" content="image/jpeg" />
<meta name="twitter:card" content="summary_large_image" />
<meta name="twitter:label1" content="Odhadovaná doba čtení" />
	<meta name="twitter:data1" content="2 minuty" />
<script type="application/ld+json" class="yoast-schema-graph">{"@context":"https:\/\/schema.org","@graph":[{"@type":"WebPage","@id":"https:\/\/zenkaisen.fr\/livre\/vie-et-mort\/","url":"https:\/\/zenkaisen.fr\/livre\/vie-et-mort\/","name":"Vie et mort - Le Zen de Kaisen","isPartOf":{"@id":"https:\/\/zenkaisen.fr\/ru\/#website"},"primaryImageOfPage":{"@id":"https:\/\/zenkaisen.fr\/livre\/vie-et-mort\/#primaryimage"},"image":{"@id":"https:\/\/zenkaisen.fr\/livre\/vie-et-mort\/#primaryimage"},"thumbnailUrl":"https:\/\/zenkaisen.fr\/wp-content\/uploads\/2025\/12\/Vie-et-mort.jpg","datePublished":"2025-12-27T18:42:44+00:00","dateModified":"2025-12-27T18:42:45+00:00","breadcrumb":{"@id":"https:\/\/zenkaisen.fr\/livre\/vie-et-mort\/#breadcrumb"},"inLanguage":"cs","potentialAction":[{"@type":"ReadAction","target":["https:\/\/zenkaisen.fr\/livre\/vie-et-mort\/"]}]},{"@type":"ImageObject","inLanguage":"cs","@id":"https:\/\/zenkaisen.fr\/livre\/vie-et-mort\/#primaryimage","url":"https:\/\/zenkaisen.fr\/wp-content\/uploads\/2025\/12\/Vie-et-mort.jpg","contentUrl":"https:\/\/zenkaisen.fr\/wp-content\/uploads\/2025\/12\/Vie-et-mort.jpg","width":200,"height":200},{"@type":"BreadcrumbList","@id":"https:\/\/zenkaisen.fr\/livre\/vie-et-mort\/#breadcrumb","itemListElement":[{"@type":"ListItem","position":1,"name":"Strona główna","item":"https:\/\/zenkaisen.fr\/"},{"@type":"ListItem","position":2,"name":"Vie et mort"}]},{"@type":"WebSite","@id":"https:\/\/zenkaisen.fr\/ru\/#website","url":"https:\/\/zenkaisen.fr\/ru\/","name":"Le Zen de Kaisen","description":"Zen","publisher":{"@id":"https:\/\/zenkaisen.fr\/ru\/#organization"},"potentialAction":[{"@type":"SearchAction","target":{"@type":"EntryPoint","urlTemplate":"https:\/\/zenkaisen.fr\/ru\/?s={search_term_string}"},"query-input":{"@type":"PropertyValueSpecification","valueRequired":true,"valueName":"search_term_string"}}],"inLanguage":"cs"},{"@type":"Organization","@id":"https:\/\/zenkaisen.fr\/ru\/#organization","name":"Le Zen de Kaisen","url":"https:\/\/zenkaisen.fr\/ru\/","logo":{"@type":"ImageObject","inLanguage":"cs","@id":"https:\/\/zenkaisen.fr\/ru\/#\/schema\/logo\/image\/","url":"https:\/\/zenkaisen.fr\/wp-content\/uploads\/2025\/07\/logo.png","contentUrl":"https:\/\/zenkaisen.fr\/wp-content\/uploads\/2025\/07\/logo.png","width":300,"height":300,"caption":"Le Zen de Kaisen"},"image":{"@id":"https:\/\/zenkaisen.fr\/ru\/#\/schema\/logo\/image\/"}}]}</script>
<!-- / Yoast SEO plugin. -->

Život a smrt – Zen Kaisen

Format : CD, Durée : 30&prime;&nbsp;Date de publication : 15 avril 2002&nbsp;Éditeur : Univox Enseignement pendant la méditation.&nbsp;« Tous les phénomènes sont vides de substance. Même si apparement le corps [&hellip;]

Strona główna
