{"id":2516,"date":"2025-12-27T18:46:16","date_gmt":"2025-12-27T18:46:16","guid":{"rendered":"https:\/\/zenkaisen.fr\/?post_type=livre&#038;p=2516"},"modified":"2025-12-27T18:46:18","modified_gmt":"2025-12-27T18:46:18","slug":"i-will-give-meaning-to-life","status":"publish","type":"livre","link":"https:\/\/zenkaisen.fr\/en\/book\/i-will-give-meaning-to-life\/","title":{"rendered":"I will give meaning to life"},"content":{"rendered":"<p>Format: CD, Duration: 44 minutes<br>Publication date: 17 June 2002<br>Publisher: Univox<\/p>\n\n\n\n<p>\u00abLife only has meaning if I give it meaning. Being alive, the essence of everything: that is the meaning I must give to my life. What is God? What is eternal in me? Who is the one who thinks he is? Everyone thinks they are, but who is the thinker? Where is he? Have you seen him? ... The greatest victory that man can achieve is to allow himself to be welcomed into the Essence of God, into his own essence.\u00bb<\/p>\n\n\n\n<p>Audio clips:<\/p>\n\n\n\n<audio src=\"https:\/\/devteam.stronazen.pl\/old-zenkaisen\/wp-content\/uploads\/2024\/05\/8-je-donnerai-un-sens-a-la-vie.mp3\" controls=\"controls\" preload=\"none\"><\/audio>","protected":false},"excerpt":{"rendered":"<p>Format : CD, Dur\u00e9e : 44&prime;Date de publication : 17 juin 2002\u00c9diteur : Univox \u00ab La vie n&rsquo;a de sens que si je lui en donne un. \u00catre le Vivant, [&hellip;]<\/p>\n","protected":false},"featured_media":2499,"template":"","meta":{"_acf_changed":false},"class_list":["post-2516","livre","type-livre","status-publish","has-post-thumbnail","hentry"],"acf":[],"yoast_head":"<!-- This site is optimized with the Yoast SEO plugin v27.4 - https:\/\/yoast.com\/product\/yoast-seo-wordpress\/ -->\n<title>Je donnerai un sens \u00e0 la vie - Le Zen de Kaisen<\/title>\n<meta name=\"robots\" content=\"index, follow, max-snippet:-1, max-image-preview:large, max-video-preview:-1\" \/>\n<link rel=\"canonical\" href=\"https:\/\/zenkaisen.fr\/en\/book\/i-will-give-meaning-to-life\/\" \/>\n<meta property=\"og:locale\" content=\"en_GB\" \/>\n<meta property=\"og:type\" content=\"article\" \/>\n<meta property=\"og:title\" content=\"Je donnerai un sens \u00e0 la vie - Le Zen de Kaisen\" \/>\n<meta property=\"og:description\" content=\"Format : CD, Dur\u00e9e : 44&prime;Date de publication : 17 juin 2002\u00c9diteur : Univox \u00ab La vie n&rsquo;a de sens que si je lui en donne un. \u00catre le Vivant, [&hellip;]\" \/>\n<meta property=\"og:url\" content=\"https:\/\/zenkaisen.fr\/en\/book\/i-will-give-meaning-to-life\/\" \/>\n<meta property=\"og:site_name\" content=\"Le Zen de Kaisen\" \/>\n<meta property=\"article:modified_time\" content=\"2025-12-27T18:46:18+00:00\" \/>\n<meta property=\"og:image\" content=\"https:\/\/zenkaisen.fr\/wp-content\/uploads\/2025\/12\/Je-donnerai-un-sens-a-la-vie.jpg\" \/>\n\t<meta property=\"og:image:width\" content=\"200\" \/>\n\t<meta property=\"og:image:height\" content=\"199\" \/>\n\t<meta property=\"og:image:type\" content=\"image\/jpeg\" \/>\n<meta name=\"twitter:card\" content=\"summary_large_image\" \/>\n<meta name=\"twitter:label1\" content=\"Estimated reading time\" \/>\n\t<meta name=\"twitter:data1\" content=\"1 minute\" \/>\n<script type=\"application\/ld+json\" class=\"yoast-schema-graph\">{\"@context\":\"https:\\\/\\\/schema.org\",\"@graph\":[{\"@type\":\"WebPage\",\"@id\":\"https:\\\/\\\/zenkaisen.fr\\\/livre\\\/je-donnerai-un-sens-a-la-vie\\\/\",\"url\":\"https:\\\/\\\/zenkaisen.fr\\\/livre\\\/je-donnerai-un-sens-a-la-vie\\\/\",\"name\":\"Je donnerai un sens \u00e0 la vie - Le Zen de Kaisen\",\"isPartOf\":{\"@id\":\"https:\\\/\\\/zenkaisen.fr\\\/ru\\\/#website\"},\"primaryImageOfPage\":{\"@id\":\"https:\\\/\\\/zenkaisen.fr\\\/livre\\\/je-donnerai-un-sens-a-la-vie\\\/#primaryimage\"},\"image\":{\"@id\":\"https:\\\/\\\/zenkaisen.fr\\\/livre\\\/je-donnerai-un-sens-a-la-vie\\\/#primaryimage\"},\"thumbnailUrl\":\"https:\\\/\\\/zenkaisen.fr\\\/wp-content\\\/uploads\\\/2025\\\/12\\\/Je-donnerai-un-sens-a-la-vie.jpg\",\"datePublished\":\"2025-12-27T18:46:16+00:00\",\"dateModified\":\"2025-12-27T18:46:18+00:00\",\"breadcrumb\":{\"@id\":\"https:\\\/\\\/zenkaisen.fr\\\/livre\\\/je-donnerai-un-sens-a-la-vie\\\/#breadcrumb\"},\"inLanguage\":\"en-GB\",\"potentialAction\":[{\"@type\":\"ReadAction\",\"target\":[\"https:\\\/\\\/zenkaisen.fr\\\/livre\\\/je-donnerai-un-sens-a-la-vie\\\/\"]}]},{\"@type\":\"ImageObject\",\"inLanguage\":\"en-GB\",\"@id\":\"https:\\\/\\\/zenkaisen.fr\\\/livre\\\/je-donnerai-un-sens-a-la-vie\\\/#primaryimage\",\"url\":\"https:\\\/\\\/zenkaisen.fr\\\/wp-content\\\/uploads\\\/2025\\\/12\\\/Je-donnerai-un-sens-a-la-vie.jpg\",\"contentUrl\":\"https:\\\/\\\/zenkaisen.fr\\\/wp-content\\\/uploads\\\/2025\\\/12\\\/Je-donnerai-un-sens-a-la-vie.jpg\",\"width\":200,\"height\":199},{\"@type\":\"BreadcrumbList\",\"@id\":\"https:\\\/\\\/zenkaisen.fr\\\/livre\\\/je-donnerai-un-sens-a-la-vie\\\/#breadcrumb\",\"itemListElement\":[{\"@type\":\"ListItem\",\"position\":1,\"name\":\"Strona g\u0142\u00f3wna\",\"item\":\"https:\\\/\\\/zenkaisen.fr\\\/\"},{\"@type\":\"ListItem\",\"position\":2,\"name\":\"Je donnerai un sens \u00e0 la vie\"}]},{\"@type\":\"WebSite\",\"@id\":\"https:\\\/\\\/zenkaisen.fr\\\/ru\\\/#website\",\"url\":\"https:\\\/\\\/zenkaisen.fr\\\/ru\\\/\",\"name\":\"Le Zen de Kaisen\",\"description\":\"Zen\",\"publisher\":{\"@id\":\"https:\\\/\\\/zenkaisen.fr\\\/ru\\\/#organization\"},\"potentialAction\":[{\"@type\":\"SearchAction\",\"target\":{\"@type\":\"EntryPoint\",\"urlTemplate\":\"https:\\\/\\\/zenkaisen.fr\\\/ru\\\/?s={search_term_string}\"},\"query-input\":{\"@type\":\"PropertyValueSpecification\",\"valueRequired\":true,\"valueName\":\"search_term_string\"}}],\"inLanguage\":\"en-GB\"},{\"@type\":\"Organization\",\"@id\":\"https:\\\/\\\/zenkaisen.fr\\\/ru\\\/#organization\",\"name\":\"Le Zen de Kaisen\",\"url\":\"https:\\\/\\\/zenkaisen.fr\\\/ru\\\/\",\"logo\":{\"@type\":\"ImageObject\",\"inLanguage\":\"en-GB\",\"@id\":\"https:\\\/\\\/zenkaisen.fr\\\/ru\\\/#\\\/schema\\\/logo\\\/image\\\/\",\"url\":\"https:\\\/\\\/zenkaisen.fr\\\/wp-content\\\/uploads\\\/2025\\\/07\\\/logo.png\",\"contentUrl\":\"https:\\\/\\\/zenkaisen.fr\\\/wp-content\\\/uploads\\\/2025\\\/07\\\/logo.png\",\"width\":300,\"height\":300,\"caption\":\"Le Zen de Kaisen\"},\"image\":{\"@id\":\"https:\\\/\\\/zenkaisen.fr\\\/ru\\\/#\\\/schema\\\/logo\\\/image\\\/\"}}]}<\/script>\n<!-- \/ Yoast SEO plugin. -->","yoast_head_json":{"title":"I will give meaning to life - The Zen of Kaisen","robots":{"index":"index","follow":"follow","max-snippet":"max-snippet:-1","max-image-preview":"max-image-preview:large","max-video-preview":"max-video-preview:-1"},"canonical":"https:\/\/zenkaisen.fr\/en\/book\/i-will-give-meaning-to-life\/","og_locale":"en_GB","og_type":"article","og_title":"Je donnerai un sens \u00e0 la vie - Le Zen de Kaisen","og_description":"Format : CD, Dur\u00e9e : 44&prime;Date de publication : 17 juin 2002\u00c9diteur : Univox \u00ab La vie n&rsquo;a de sens que si je lui en donne un. \u00catre le Vivant, [&hellip;]","og_url":"https:\/\/zenkaisen.fr\/en\/book\/i-will-give-meaning-to-life\/","og_site_name":"Le Zen de Kaisen","article_modified_time":"2025-12-27T18:46:18+00:00","og_image":[{"width":200,"height":199,"url":"https:\/\/zenkaisen.fr\/wp-content\/uploads\/2025\/12\/Je-donnerai-un-sens-a-la-vie.jpg","type":"image\/jpeg"}],"twitter_card":"summary_large_image","twitter_misc":{"Estimated reading time":"1 minute"},"schema":{"@context":"https:\/\/schema.org","@graph":[{"@type":"WebPage","@id":"https:\/\/zenkaisen.fr\/livre\/je-donnerai-un-sens-a-la-vie\/","url":"https:\/\/zenkaisen.fr\/livre\/je-donnerai-un-sens-a-la-vie\/","name":"I will give meaning to life - The Zen of Kaisen","isPartOf":{"@id":"https:\/\/zenkaisen.fr\/ru\/#website"},"primaryImageOfPage":{"@id":"https:\/\/zenkaisen.fr\/livre\/je-donnerai-un-sens-a-la-vie\/#primaryimage"},"image":{"@id":"https:\/\/zenkaisen.fr\/livre\/je-donnerai-un-sens-a-la-vie\/#primaryimage"},"thumbnailUrl":"https:\/\/zenkaisen.fr\/wp-content\/uploads\/2025\/12\/Je-donnerai-un-sens-a-la-vie.jpg","datePublished":"2025-12-27T18:46:16+00:00","dateModified":"2025-12-27T18:46:18+00:00","breadcrumb":{"@id":"https:\/\/zenkaisen.fr\/livre\/je-donnerai-un-sens-a-la-vie\/#breadcrumb"},"inLanguage":"en-GB","potentialAction":[{"@type":"ReadAction","target":["https:\/\/zenkaisen.fr\/livre\/je-donnerai-un-sens-a-la-vie\/"]}]},{"@type":"ImageObject","inLanguage":"en-GB","@id":"https:\/\/zenkaisen.fr\/livre\/je-donnerai-un-sens-a-la-vie\/#primaryimage","url":"https:\/\/zenkaisen.fr\/wp-content\/uploads\/2025\/12\/Je-donnerai-un-sens-a-la-vie.jpg","contentUrl":"https:\/\/zenkaisen.fr\/wp-content\/uploads\/2025\/12\/Je-donnerai-un-sens-a-la-vie.jpg","width":200,"height":199},{"@type":"BreadcrumbList","@id":"https:\/\/zenkaisen.fr\/livre\/je-donnerai-un-sens-a-la-vie\/#breadcrumb","itemListElement":[{"@type":"ListItem","position":1,"name":"Strona g\u0142\u00f3wna","item":"https:\/\/zenkaisen.fr\/"},{"@type":"ListItem","position":2,"name":"Je donnerai un sens \u00e0 la vie"}]},{"@type":"WebSite","@id":"https:\/\/zenkaisen.fr\/ru\/#website","url":"https:\/\/zenkaisen.fr\/ru\/","name":"The Zen of Kaisen","description":"Zen","publisher":{"@id":"https:\/\/zenkaisen.fr\/ru\/#organization"},"potentialAction":[{"@type":"SearchAction","target":{"@type":"EntryPoint","urlTemplate":"https:\/\/zenkaisen.fr\/ru\/?s={search_term_string}"},"query-input":{"@type":"PropertyValueSpecification","valueRequired":true,"valueName":"search_term_string"}}],"inLanguage":"en-GB"},{"@type":"Organization","@id":"https:\/\/zenkaisen.fr\/ru\/#organization","name":"The Zen of Kaisen","url":"https:\/\/zenkaisen.fr\/ru\/","logo":{"@type":"ImageObject","inLanguage":"en-GB","@id":"https:\/\/zenkaisen.fr\/ru\/#\/schema\/logo\/image\/","url":"https:\/\/zenkaisen.fr\/wp-content\/uploads\/2025\/07\/logo.png","contentUrl":"https:\/\/zenkaisen.fr\/wp-content\/uploads\/2025\/07\/logo.png","width":300,"height":300,"caption":"Le Zen de Kaisen"},"image":{"@id":"https:\/\/zenkaisen.fr\/ru\/#\/schema\/logo\/image\/"}}]}},"_links":{"self":[{"href":"https:\/\/zenkaisen.fr\/en\/wp-json\/wp\/v2\/livre\/2516","targetHints":{"allow":["GET"]}}],"collection":[{"href":"https:\/\/zenkaisen.fr\/en\/wp-json\/wp\/v2\/livre"}],"about":[{"href":"https:\/\/zenkaisen.fr\/en\/wp-json\/wp\/v2\/types\/livre"}],"wp:featuredmedia":[{"embeddable":true,"href":"https:\/\/zenkaisen.fr\/en\/wp-json\/wp\/v2\/media\/2499"}],"wp:attachment":[{"href":"https:\/\/zenkaisen.fr\/en\/wp-json\/wp\/v2\/media?parent=2516"}],"curies":[{"name":"wp","href":"https:\/\/api.w.org\/{rel}","templated":true}]}}

<p>Format : CD, Durée : 44&prime;Date de publication : 17 juin 2002Éditeur : Univox « La vie n&rsquo;a de sens que si je lui en donne un. Être le Vivant, [&hellip;]</p>

<!-- This site is optimized with the Yoast SEO plugin v27.4 - https://yoast.com/product/yoast-seo-wordpress/ -->
<title>Je donnerai un sens à la vie - Le Zen de Kaisen</title>
<meta name="robots" content="index, follow, max-snippet:-1, max-image-preview:large, max-video-preview:-1" />
<link rel="canonical" href="https://zenkaisen.fr/en/book/i-will-give-meaning-to-life/" />
<meta property="og:locale" content="en_GB" />
<meta property="og:type" content="article" />
<meta property="og:title" content="Je donnerai un sens à la vie - Le Zen de Kaisen" />
<meta property="og:description" content="Format : CD, Durée : 44&prime;Date de publication : 17 juin 2002Éditeur : Univox « La vie n&rsquo;a de sens que si je lui en donne un. Être le Vivant, [&hellip;]" />
<meta property="og:url" content="https://zenkaisen.fr/en/book/i-will-give-meaning-to-life/" />
<meta property="og:site_name" content="Le Zen de Kaisen" />
<meta property="article:modified_time" content="2025-12-27T18:46:18+00:00" />
<meta property="og:image" content="https://zenkaisen.fr/wp-content/uploads/2025/12/Je-donnerai-un-sens-a-la-vie.jpg" />
	<meta property="og:image:width" content="200" />
	<meta property="og:image:height" content="199" />
	<meta property="og:image:type" content="image/jpeg" />
<meta name="twitter:card" content="summary_large_image" />
<meta name="twitter:label1" content="Estimated reading time" />
	<meta name="twitter:data1" content="1 minute" />
<script type="application/ld+json" class="yoast-schema-graph">{"@context":"https:\/\/schema.org","@graph":[{"@type":"WebPage","@id":"https:\/\/zenkaisen.fr\/livre\/je-donnerai-un-sens-a-la-vie\/","url":"https:\/\/zenkaisen.fr\/livre\/je-donnerai-un-sens-a-la-vie\/","name":"Je donnerai un sens à la vie - Le Zen de Kaisen","isPartOf":{"@id":"https:\/\/zenkaisen.fr\/ru\/#website"},"primaryImageOfPage":{"@id":"https:\/\/zenkaisen.fr\/livre\/je-donnerai-un-sens-a-la-vie\/#primaryimage"},"image":{"@id":"https:\/\/zenkaisen.fr\/livre\/je-donnerai-un-sens-a-la-vie\/#primaryimage"},"thumbnailUrl":"https:\/\/zenkaisen.fr\/wp-content\/uploads\/2025\/12\/Je-donnerai-un-sens-a-la-vie.jpg","datePublished":"2025-12-27T18:46:16+00:00","dateModified":"2025-12-27T18:46:18+00:00","breadcrumb":{"@id":"https:\/\/zenkaisen.fr\/livre\/je-donnerai-un-sens-a-la-vie\/#breadcrumb"},"inLanguage":"en-GB","potentialAction":[{"@type":"ReadAction","target":["https:\/\/zenkaisen.fr\/livre\/je-donnerai-un-sens-a-la-vie\/"]}]},{"@type":"ImageObject","inLanguage":"en-GB","@id":"https:\/\/zenkaisen.fr\/livre\/je-donnerai-un-sens-a-la-vie\/#primaryimage","url":"https:\/\/zenkaisen.fr\/wp-content\/uploads\/2025\/12\/Je-donnerai-un-sens-a-la-vie.jpg","contentUrl":"https:\/\/zenkaisen.fr\/wp-content\/uploads\/2025\/12\/Je-donnerai-un-sens-a-la-vie.jpg","width":200,"height":199},{"@type":"BreadcrumbList","@id":"https:\/\/zenkaisen.fr\/livre\/je-donnerai-un-sens-a-la-vie\/#breadcrumb","itemListElement":[{"@type":"ListItem","position":1,"name":"Strona główna","item":"https:\/\/zenkaisen.fr\/"},{"@type":"ListItem","position":2,"name":"Je donnerai un sens à la vie"}]},{"@type":"WebSite","@id":"https:\/\/zenkaisen.fr\/ru\/#website","url":"https:\/\/zenkaisen.fr\/ru\/","name":"Le Zen de Kaisen","description":"Zen","publisher":{"@id":"https:\/\/zenkaisen.fr\/ru\/#organization"},"potentialAction":[{"@type":"SearchAction","target":{"@type":"EntryPoint","urlTemplate":"https:\/\/zenkaisen.fr\/ru\/?s={search_term_string}"},"query-input":{"@type":"PropertyValueSpecification","valueRequired":true,"valueName":"search_term_string"}}],"inLanguage":"en-GB"},{"@type":"Organization","@id":"https:\/\/zenkaisen.fr\/ru\/#organization","name":"Le Zen de Kaisen","url":"https:\/\/zenkaisen.fr\/ru\/","logo":{"@type":"ImageObject","inLanguage":"en-GB","@id":"https:\/\/zenkaisen.fr\/ru\/#\/schema\/logo\/image\/","url":"https:\/\/zenkaisen.fr\/wp-content\/uploads\/2025\/07\/logo.png","contentUrl":"https:\/\/zenkaisen.fr\/wp-content\/uploads\/2025\/07\/logo.png","width":300,"height":300,"caption":"Le Zen de Kaisen"},"image":{"@id":"https:\/\/zenkaisen.fr\/ru\/#\/schema\/logo\/image\/"}}]}</script>
<!-- / Yoast SEO plugin. -->

Je donnerai un sens à la vie - Le Zen de Kaisen

Format : CD, Durée : 44&prime;Date de publication : 17 juin 2002Éditeur : Univox « La vie n&rsquo;a de sens que si je lui en donne un. Être le Vivant, [&hellip;]

Strona główna

Je donnerai un sens à la vie
