{"id":2522,"date":"2025-12-27T18:51:26","date_gmt":"2025-12-27T18:51:26","guid":{"rendered":"https:\/\/zenkaisen.fr\/?post_type=livre&#038;p=2522"},"modified":"2025-12-27T18:51:28","modified_gmt":"2025-12-27T18:51:28","slug":"zen-travel-and-reflection","status":"publish","type":"livre","link":"https:\/\/zenkaisen.fr\/en\/book\/zen-travel-and-reflection\/","title":{"rendered":"Zen, travel and reflection"},"content":{"rendered":"<p>Format: CD, Duration: 70 minutes<br>Publication date: 4 July 2003<br>Publisher: Univox<\/p>\n\n\n\n<p>During a journey across Europe, in a lively atmosphere punctuated by funny or exemplary stories, Sando Kaisen develops various themes: the origin of religions, the nature of the mind, time, space, life and death, meditation, and the meaning of songs and prayers.<br>\u00abAll phenomena contained in all universes form an indivisible whole.\u00bb \u00abUltimately, we must strive for true dialogue, beyond words, beyond -isms, beyond our points of view, and dialogue together from my soul to your soul.\u00bb<\/p>\n\n\n\n<p>Audio clips:<br><\/p>\n\n\n\n<audio src=\"https:\/\/devteam.stronazen.pl\/old-zenkaisen\/wp-content\/uploads\/2024\/05\/14-zen-voyage-et-reflexion.mp3\" controls=\"controls\" preload=\"none\"><\/audio>","protected":false},"excerpt":{"rendered":"<p>Format : CD, Dur\u00e9e : 70&prime;Date de publication : 4 juillet 2003\u00c9diteur : Univox \u00c0 l\u2019occasion d\u2019un voyage \u00e0 travers l\u2019Europe, dans une atmosph\u00e8re vivante ponctu\u00e9e d\u2019histoires dr\u00f4les ou exemplaires, [&hellip;]<\/p>\n","protected":false},"featured_media":2493,"template":"","meta":{"_acf_changed":false},"class_list":["post-2522","livre","type-livre","status-publish","has-post-thumbnail","hentry"],"acf":[],"yoast_head":"<!-- This site is optimized with the Yoast SEO plugin v27.4 - https:\/\/yoast.com\/product\/yoast-seo-wordpress\/ -->\n<title>Zen, voyage et r\u00e9flexion - Le Zen de Kaisen<\/title>\n<meta name=\"robots\" content=\"index, follow, max-snippet:-1, max-image-preview:large, max-video-preview:-1\" \/>\n<link rel=\"canonical\" href=\"https:\/\/zenkaisen.fr\/en\/book\/zen-travel-and-reflection\/\" \/>\n<meta property=\"og:locale\" content=\"en_GB\" \/>\n<meta property=\"og:type\" content=\"article\" \/>\n<meta property=\"og:title\" content=\"Zen, voyage et r\u00e9flexion - Le Zen de Kaisen\" \/>\n<meta property=\"og:description\" content=\"Format : CD, Dur\u00e9e : 70&prime;Date de publication : 4 juillet 2003\u00c9diteur : Univox \u00c0 l\u2019occasion d\u2019un voyage \u00e0 travers l\u2019Europe, dans une atmosph\u00e8re vivante ponctu\u00e9e d\u2019histoires dr\u00f4les ou exemplaires, [&hellip;]\" \/>\n<meta property=\"og:url\" content=\"https:\/\/zenkaisen.fr\/en\/book\/zen-travel-and-reflection\/\" \/>\n<meta property=\"og:site_name\" content=\"Le Zen de Kaisen\" \/>\n<meta property=\"article:modified_time\" content=\"2025-12-27T18:51:28+00:00\" \/>\n<meta property=\"og:image\" content=\"https:\/\/zenkaisen.fr\/wp-content\/uploads\/2025\/12\/Zen-voyage-et-reflexion.jpg\" \/>\n\t<meta property=\"og:image:width\" content=\"200\" \/>\n\t<meta property=\"og:image:height\" content=\"202\" \/>\n\t<meta property=\"og:image:type\" content=\"image\/jpeg\" \/>\n<meta name=\"twitter:card\" content=\"summary_large_image\" \/>\n<meta name=\"twitter:label1\" content=\"Estimated reading time\" \/>\n\t<meta name=\"twitter:data1\" content=\"1 minute\" \/>\n<script type=\"application\/ld+json\" class=\"yoast-schema-graph\">{\"@context\":\"https:\\\/\\\/schema.org\",\"@graph\":[{\"@type\":\"WebPage\",\"@id\":\"https:\\\/\\\/zenkaisen.fr\\\/livre\\\/zen-voyage-et-reflexion\\\/\",\"url\":\"https:\\\/\\\/zenkaisen.fr\\\/livre\\\/zen-voyage-et-reflexion\\\/\",\"name\":\"Zen, voyage et r\u00e9flexion - Le Zen de Kaisen\",\"isPartOf\":{\"@id\":\"https:\\\/\\\/zenkaisen.fr\\\/ru\\\/#website\"},\"primaryImageOfPage\":{\"@id\":\"https:\\\/\\\/zenkaisen.fr\\\/livre\\\/zen-voyage-et-reflexion\\\/#primaryimage\"},\"image\":{\"@id\":\"https:\\\/\\\/zenkaisen.fr\\\/livre\\\/zen-voyage-et-reflexion\\\/#primaryimage\"},\"thumbnailUrl\":\"https:\\\/\\\/zenkaisen.fr\\\/wp-content\\\/uploads\\\/2025\\\/12\\\/Zen-voyage-et-reflexion.jpg\",\"datePublished\":\"2025-12-27T18:51:26+00:00\",\"dateModified\":\"2025-12-27T18:51:28+00:00\",\"breadcrumb\":{\"@id\":\"https:\\\/\\\/zenkaisen.fr\\\/livre\\\/zen-voyage-et-reflexion\\\/#breadcrumb\"},\"inLanguage\":\"en-GB\",\"potentialAction\":[{\"@type\":\"ReadAction\",\"target\":[\"https:\\\/\\\/zenkaisen.fr\\\/livre\\\/zen-voyage-et-reflexion\\\/\"]}]},{\"@type\":\"ImageObject\",\"inLanguage\":\"en-GB\",\"@id\":\"https:\\\/\\\/zenkaisen.fr\\\/livre\\\/zen-voyage-et-reflexion\\\/#primaryimage\",\"url\":\"https:\\\/\\\/zenkaisen.fr\\\/wp-content\\\/uploads\\\/2025\\\/12\\\/Zen-voyage-et-reflexion.jpg\",\"contentUrl\":\"https:\\\/\\\/zenkaisen.fr\\\/wp-content\\\/uploads\\\/2025\\\/12\\\/Zen-voyage-et-reflexion.jpg\",\"width\":200,\"height\":202},{\"@type\":\"BreadcrumbList\",\"@id\":\"https:\\\/\\\/zenkaisen.fr\\\/livre\\\/zen-voyage-et-reflexion\\\/#breadcrumb\",\"itemListElement\":[{\"@type\":\"ListItem\",\"position\":1,\"name\":\"Strona g\u0142\u00f3wna\",\"item\":\"https:\\\/\\\/zenkaisen.fr\\\/\"},{\"@type\":\"ListItem\",\"position\":2,\"name\":\"Zen, voyage et r\u00e9flexion\"}]},{\"@type\":\"WebSite\",\"@id\":\"https:\\\/\\\/zenkaisen.fr\\\/ru\\\/#website\",\"url\":\"https:\\\/\\\/zenkaisen.fr\\\/ru\\\/\",\"name\":\"Le Zen de Kaisen\",\"description\":\"Zen\",\"publisher\":{\"@id\":\"https:\\\/\\\/zenkaisen.fr\\\/ru\\\/#organization\"},\"potentialAction\":[{\"@type\":\"SearchAction\",\"target\":{\"@type\":\"EntryPoint\",\"urlTemplate\":\"https:\\\/\\\/zenkaisen.fr\\\/ru\\\/?s={search_term_string}\"},\"query-input\":{\"@type\":\"PropertyValueSpecification\",\"valueRequired\":true,\"valueName\":\"search_term_string\"}}],\"inLanguage\":\"en-GB\"},{\"@type\":\"Organization\",\"@id\":\"https:\\\/\\\/zenkaisen.fr\\\/ru\\\/#organization\",\"name\":\"Le Zen de Kaisen\",\"url\":\"https:\\\/\\\/zenkaisen.fr\\\/ru\\\/\",\"logo\":{\"@type\":\"ImageObject\",\"inLanguage\":\"en-GB\",\"@id\":\"https:\\\/\\\/zenkaisen.fr\\\/ru\\\/#\\\/schema\\\/logo\\\/image\\\/\",\"url\":\"https:\\\/\\\/zenkaisen.fr\\\/wp-content\\\/uploads\\\/2025\\\/07\\\/logo.png\",\"contentUrl\":\"https:\\\/\\\/zenkaisen.fr\\\/wp-content\\\/uploads\\\/2025\\\/07\\\/logo.png\",\"width\":300,\"height\":300,\"caption\":\"Le Zen de Kaisen\"},\"image\":{\"@id\":\"https:\\\/\\\/zenkaisen.fr\\\/ru\\\/#\\\/schema\\\/logo\\\/image\\\/\"}}]}<\/script>\n<!-- \/ Yoast SEO plugin. -->","yoast_head_json":{"title":"Zen, travel and reflection - Kaisen Zen","robots":{"index":"index","follow":"follow","max-snippet":"max-snippet:-1","max-image-preview":"max-image-preview:large","max-video-preview":"max-video-preview:-1"},"canonical":"https:\/\/zenkaisen.fr\/en\/book\/zen-travel-and-reflection\/","og_locale":"en_GB","og_type":"article","og_title":"Zen, voyage et r\u00e9flexion - Le Zen de Kaisen","og_description":"Format : CD, Dur\u00e9e : 70&prime;Date de publication : 4 juillet 2003\u00c9diteur : Univox \u00c0 l\u2019occasion d\u2019un voyage \u00e0 travers l\u2019Europe, dans une atmosph\u00e8re vivante ponctu\u00e9e d\u2019histoires dr\u00f4les ou exemplaires, [&hellip;]","og_url":"https:\/\/zenkaisen.fr\/en\/book\/zen-travel-and-reflection\/","og_site_name":"Le Zen de Kaisen","article_modified_time":"2025-12-27T18:51:28+00:00","og_image":[{"width":200,"height":202,"url":"https:\/\/zenkaisen.fr\/wp-content\/uploads\/2025\/12\/Zen-voyage-et-reflexion.jpg","type":"image\/jpeg"}],"twitter_card":"summary_large_image","twitter_misc":{"Estimated reading time":"1 minute"},"schema":{"@context":"https:\/\/schema.org","@graph":[{"@type":"WebPage","@id":"https:\/\/zenkaisen.fr\/livre\/zen-voyage-et-reflexion\/","url":"https:\/\/zenkaisen.fr\/livre\/zen-voyage-et-reflexion\/","name":"Zen, travel and reflection - Kaisen Zen","isPartOf":{"@id":"https:\/\/zenkaisen.fr\/ru\/#website"},"primaryImageOfPage":{"@id":"https:\/\/zenkaisen.fr\/livre\/zen-voyage-et-reflexion\/#primaryimage"},"image":{"@id":"https:\/\/zenkaisen.fr\/livre\/zen-voyage-et-reflexion\/#primaryimage"},"thumbnailUrl":"https:\/\/zenkaisen.fr\/wp-content\/uploads\/2025\/12\/Zen-voyage-et-reflexion.jpg","datePublished":"2025-12-27T18:51:26+00:00","dateModified":"2025-12-27T18:51:28+00:00","breadcrumb":{"@id":"https:\/\/zenkaisen.fr\/livre\/zen-voyage-et-reflexion\/#breadcrumb"},"inLanguage":"en-GB","potentialAction":[{"@type":"ReadAction","target":["https:\/\/zenkaisen.fr\/livre\/zen-voyage-et-reflexion\/"]}]},{"@type":"ImageObject","inLanguage":"en-GB","@id":"https:\/\/zenkaisen.fr\/livre\/zen-voyage-et-reflexion\/#primaryimage","url":"https:\/\/zenkaisen.fr\/wp-content\/uploads\/2025\/12\/Zen-voyage-et-reflexion.jpg","contentUrl":"https:\/\/zenkaisen.fr\/wp-content\/uploads\/2025\/12\/Zen-voyage-et-reflexion.jpg","width":200,"height":202},{"@type":"BreadcrumbList","@id":"https:\/\/zenkaisen.fr\/livre\/zen-voyage-et-reflexion\/#breadcrumb","itemListElement":[{"@type":"ListItem","position":1,"name":"Strona g\u0142\u00f3wna","item":"https:\/\/zenkaisen.fr\/"},{"@type":"ListItem","position":2,"name":"Zen, voyage et r\u00e9flexion"}]},{"@type":"WebSite","@id":"https:\/\/zenkaisen.fr\/ru\/#website","url":"https:\/\/zenkaisen.fr\/ru\/","name":"The Zen of Kaisen","description":"Zen","publisher":{"@id":"https:\/\/zenkaisen.fr\/ru\/#organization"},"potentialAction":[{"@type":"SearchAction","target":{"@type":"EntryPoint","urlTemplate":"https:\/\/zenkaisen.fr\/ru\/?s={search_term_string}"},"query-input":{"@type":"PropertyValueSpecification","valueRequired":true,"valueName":"search_term_string"}}],"inLanguage":"en-GB"},{"@type":"Organization","@id":"https:\/\/zenkaisen.fr\/ru\/#organization","name":"The Zen of Kaisen","url":"https:\/\/zenkaisen.fr\/ru\/","logo":{"@type":"ImageObject","inLanguage":"en-GB","@id":"https:\/\/zenkaisen.fr\/ru\/#\/schema\/logo\/image\/","url":"https:\/\/zenkaisen.fr\/wp-content\/uploads\/2025\/07\/logo.png","contentUrl":"https:\/\/zenkaisen.fr\/wp-content\/uploads\/2025\/07\/logo.png","width":300,"height":300,"caption":"Le Zen de Kaisen"},"image":{"@id":"https:\/\/zenkaisen.fr\/ru\/#\/schema\/logo\/image\/"}}]}},"_links":{"self":[{"href":"https:\/\/zenkaisen.fr\/en\/wp-json\/wp\/v2\/livre\/2522","targetHints":{"allow":["GET"]}}],"collection":[{"href":"https:\/\/zenkaisen.fr\/en\/wp-json\/wp\/v2\/livre"}],"about":[{"href":"https:\/\/zenkaisen.fr\/en\/wp-json\/wp\/v2\/types\/livre"}],"wp:featuredmedia":[{"embeddable":true,"href":"https:\/\/zenkaisen.fr\/en\/wp-json\/wp\/v2\/media\/2493"}],"wp:attachment":[{"href":"https:\/\/zenkaisen.fr\/en\/wp-json\/wp\/v2\/media?parent=2522"}],"curies":[{"name":"wp","href":"https:\/\/api.w.org\/{rel}","templated":true}]}}

<p>Format : CD, Durée : 70&prime;Date de publication : 4 juillet 2003Éditeur : Univox À l’occasion d’un voyage à travers l’Europe, dans une atmosphère vivante ponctuée d’histoires drôles ou exemplaires, [&hellip;]</p>

<!-- This site is optimized with the Yoast SEO plugin v27.4 - https://yoast.com/product/yoast-seo-wordpress/ -->
<title>Zen, voyage et réflexion - Le Zen de Kaisen</title>
<meta name="robots" content="index, follow, max-snippet:-1, max-image-preview:large, max-video-preview:-1" />
<link rel="canonical" href="https://zenkaisen.fr/en/book/zen-travel-and-reflection/" />
<meta property="og:locale" content="en_GB" />
<meta property="og:type" content="article" />
<meta property="og:title" content="Zen, voyage et réflexion - Le Zen de Kaisen" />
<meta property="og:description" content="Format : CD, Durée : 70&prime;Date de publication : 4 juillet 2003Éditeur : Univox À l’occasion d’un voyage à travers l’Europe, dans une atmosphère vivante ponctuée d’histoires drôles ou exemplaires, [&hellip;]" />
<meta property="og:url" content="https://zenkaisen.fr/en/book/zen-travel-and-reflection/" />
<meta property="og:site_name" content="Le Zen de Kaisen" />
<meta property="article:modified_time" content="2025-12-27T18:51:28+00:00" />
<meta property="og:image" content="https://zenkaisen.fr/wp-content/uploads/2025/12/Zen-voyage-et-reflexion.jpg" />
	<meta property="og:image:width" content="200" />
	<meta property="og:image:height" content="202" />
	<meta property="og:image:type" content="image/jpeg" />
<meta name="twitter:card" content="summary_large_image" />
<meta name="twitter:label1" content="Estimated reading time" />
	<meta name="twitter:data1" content="1 minute" />
<script type="application/ld+json" class="yoast-schema-graph">{"@context":"https:\/\/schema.org","@graph":[{"@type":"WebPage","@id":"https:\/\/zenkaisen.fr\/livre\/zen-voyage-et-reflexion\/","url":"https:\/\/zenkaisen.fr\/livre\/zen-voyage-et-reflexion\/","name":"Zen, voyage et réflexion - Le Zen de Kaisen","isPartOf":{"@id":"https:\/\/zenkaisen.fr\/ru\/#website"},"primaryImageOfPage":{"@id":"https:\/\/zenkaisen.fr\/livre\/zen-voyage-et-reflexion\/#primaryimage"},"image":{"@id":"https:\/\/zenkaisen.fr\/livre\/zen-voyage-et-reflexion\/#primaryimage"},"thumbnailUrl":"https:\/\/zenkaisen.fr\/wp-content\/uploads\/2025\/12\/Zen-voyage-et-reflexion.jpg","datePublished":"2025-12-27T18:51:26+00:00","dateModified":"2025-12-27T18:51:28+00:00","breadcrumb":{"@id":"https:\/\/zenkaisen.fr\/livre\/zen-voyage-et-reflexion\/#breadcrumb"},"inLanguage":"en-GB","potentialAction":[{"@type":"ReadAction","target":["https:\/\/zenkaisen.fr\/livre\/zen-voyage-et-reflexion\/"]}]},{"@type":"ImageObject","inLanguage":"en-GB","@id":"https:\/\/zenkaisen.fr\/livre\/zen-voyage-et-reflexion\/#primaryimage","url":"https:\/\/zenkaisen.fr\/wp-content\/uploads\/2025\/12\/Zen-voyage-et-reflexion.jpg","contentUrl":"https:\/\/zenkaisen.fr\/wp-content\/uploads\/2025\/12\/Zen-voyage-et-reflexion.jpg","width":200,"height":202},{"@type":"BreadcrumbList","@id":"https:\/\/zenkaisen.fr\/livre\/zen-voyage-et-reflexion\/#breadcrumb","itemListElement":[{"@type":"ListItem","position":1,"name":"Strona główna","item":"https:\/\/zenkaisen.fr\/"},{"@type":"ListItem","position":2,"name":"Zen, voyage et réflexion"}]},{"@type":"WebSite","@id":"https:\/\/zenkaisen.fr\/ru\/#website","url":"https:\/\/zenkaisen.fr\/ru\/","name":"Le Zen de Kaisen","description":"Zen","publisher":{"@id":"https:\/\/zenkaisen.fr\/ru\/#organization"},"potentialAction":[{"@type":"SearchAction","target":{"@type":"EntryPoint","urlTemplate":"https:\/\/zenkaisen.fr\/ru\/?s={search_term_string}"},"query-input":{"@type":"PropertyValueSpecification","valueRequired":true,"valueName":"search_term_string"}}],"inLanguage":"en-GB"},{"@type":"Organization","@id":"https:\/\/zenkaisen.fr\/ru\/#organization","name":"Le Zen de Kaisen","url":"https:\/\/zenkaisen.fr\/ru\/","logo":{"@type":"ImageObject","inLanguage":"en-GB","@id":"https:\/\/zenkaisen.fr\/ru\/#\/schema\/logo\/image\/","url":"https:\/\/zenkaisen.fr\/wp-content\/uploads\/2025\/07\/logo.png","contentUrl":"https:\/\/zenkaisen.fr\/wp-content\/uploads\/2025\/07\/logo.png","width":300,"height":300,"caption":"Le Zen de Kaisen"},"image":{"@id":"https:\/\/zenkaisen.fr\/ru\/#\/schema\/logo\/image\/"}}]}</script>
<!-- / Yoast SEO plugin. -->

Zen, voyage et réflexion - Le Zen de Kaisen

Format : CD, Durée : 70&prime;Date de publication : 4 juillet 2003Éditeur : Univox À l’occasion d’un voyage à travers l’Europe, dans une atmosphère vivante ponctuée d’histoires drôles ou exemplaires, [&hellip;]

Strona główna

Zen, voyage et réflexion
