{"id":2379,"date":"2025-12-16T08:48:04","date_gmt":"2025-12-16T08:48:04","guid":{"rendered":"https:\/\/zenkaisen.fr\/?post_type=livre&#038;p=2379"},"modified":"2025-12-16T08:48:05","modified_gmt":"2025-12-16T08:48:05","slug":"duch-kuchni-wedlug-mnicha-zen","status":"publish","type":"livre","link":"https:\/\/zenkaisen.fr\/pl\/ksiazka\/duch-kuchni-wedlug-mnicha-zen\/","title":{"rendered":"Duch kuchni wed\u0142ug mnicha zen"},"content":{"rendered":"<p>Format: 224 strony<br>Data publikacji: 10 pa\u017adziernika 2014 r.<br>Wydawca: Tarma<br>ISBN: 9782924157091&nbsp;<br>Wyprzedane<\/p>\n\n\n\n<p>\u00abCelem tej ksi\u0105\u017cki jest zach\u0119cenie ka\u017cdego do \u015bwiadomego gotowania i jedzenia. Nie ma znaczenia, co gotujemy lub jemy, jakich przybor\u00f3w u\u017cywamy i w jaki spos\u00f3b, najwa\u017cniejsze jest, aby wszystko robi\u0107 w wielkiej Obecno\u015bci\u00bb.<br>\u00abPostaram si\u0119 przedstawi\u0107 wyniki czterdziestu lat do\u015bwiadcze\u0144, bada\u0144 i refleksji na temat kuchni. B\u0119dzie to dla mnie okazja, aby sta\u0107 si\u0119 rzecznikiem tego, co uwa\u017cam za intymne przemy\u015blenia kilku wielkich szef\u00f3w kuchni, kt\u00f3rych szanuj\u0119.&nbsp;<br>Moje podej\u015bcie opiera si\u0119 na kilku kluczowych kwestiach:<br>_ Co wiemy o sztuce gotowania?<br>_ Co wiemy o tajemniczym dzia\u0142aniu, kt\u00f3re budzi w tych artystach tak wiele kreatywno\u015bci, pi\u0119kna i szczero\u015bci?<br>Czy zdajemy sobie spraw\u0119 z tego, jaki dar nam daj\u0105?<br>Czy jeste\u015bmy \u015bwiadomi dar\u00f3w, jakie otrzymujemy od natury, istot \u017cywych i otaczaj\u0105cej nas materii?<br>Czy wiemy, czym naprawd\u0119 jest m\u0119\u017cczyzna?<br>Czy on sam wie, dlaczego je?<br>Czy poprzez kuchni\u0119 i sztuk\u0119 od\u017cywiania si\u0119 mo\u017cna lepiej zrozumie\u0107 nasz\u0105 rol\u0119 na Ziemi?<br>Mam nadziej\u0119, \u017ce te pytania podsyc\u0105 Pa\u0144stwa oczekiwania i \u017cycz\u0119 smacznego!&nbsp;<br>Sando Kaisen<\/p>","protected":false},"excerpt":{"rendered":"<p>Format : 224 pagesDate de publication : 10 octobre 2014\u00c9diteur : TarmaISBN : 9782924157091&nbsp;\u00c9puis\u00e9 \u00ab Le projet de ce livre est de sugg\u00e9rer \u00e0 chacun de cuisiner et de manger [&hellip;]<\/p>\n","protected":false},"featured_media":2380,"template":"","meta":{"_acf_changed":false},"class_list":["post-2379","livre","type-livre","status-publish","has-post-thumbnail","hentry"],"acf":[],"yoast_head":"<!-- This site is optimized with the Yoast SEO plugin v27.5 - https:\/\/yoast.com\/product\/yoast-seo-wordpress\/ -->\n<title>L&#039;esprit de la cuisine selon un moine zen - Le Zen de Kaisen<\/title>\n<meta name=\"robots\" content=\"index, follow, max-snippet:-1, max-image-preview:large, max-video-preview:-1\" \/>\n<link rel=\"canonical\" href=\"https:\/\/zenkaisen.fr\/pl\/ksiazka\/duch-kuchni-wedlug-mnicha-zen\/\" \/>\n<meta property=\"og:locale\" content=\"pl_PL\" \/>\n<meta property=\"og:type\" content=\"article\" \/>\n<meta property=\"og:title\" content=\"L&#039;esprit de la cuisine selon un moine zen - Le Zen de Kaisen\" \/>\n<meta property=\"og:description\" content=\"Format : 224 pagesDate de publication : 10 octobre 2014\u00c9diteur : TarmaISBN : 9782924157091&nbsp;\u00c9puis\u00e9 \u00ab Le projet de ce livre est de sugg\u00e9rer \u00e0 chacun de cuisiner et de manger [&hellip;]\" \/>\n<meta property=\"og:url\" content=\"https:\/\/zenkaisen.fr\/pl\/ksiazka\/duch-kuchni-wedlug-mnicha-zen\/\" \/>\n<meta property=\"og:site_name\" content=\"Le Zen de Kaisen\" \/>\n<meta property=\"article:modified_time\" content=\"2025-12-16T08:48:05+00:00\" \/>\n<meta property=\"og:image\" content=\"https:\/\/zenkaisen.fr\/wp-content\/uploads\/2025\/12\/image-3.png\" \/>\n\t<meta property=\"og:image:width\" content=\"200\" \/>\n\t<meta property=\"og:image:height\" content=\"349\" \/>\n\t<meta property=\"og:image:type\" content=\"image\/png\" \/>\n<meta name=\"twitter:card\" content=\"summary_large_image\" \/>\n<meta name=\"twitter:label1\" content=\"Szacowany czas czytania\" \/>\n\t<meta name=\"twitter:data1\" content=\"2 minuty\" \/>\n<script type=\"application\/ld+json\" class=\"yoast-schema-graph\">{\"@context\":\"https:\\\/\\\/schema.org\",\"@graph\":[{\"@type\":\"WebPage\",\"@id\":\"https:\\\/\\\/zenkaisen.fr\\\/livre\\\/lesprit-de-la-cuisine-selon-un-moine-zen\\\/\",\"url\":\"https:\\\/\\\/zenkaisen.fr\\\/livre\\\/lesprit-de-la-cuisine-selon-un-moine-zen\\\/\",\"name\":\"L'esprit de la cuisine selon un moine zen - Le Zen de Kaisen\",\"isPartOf\":{\"@id\":\"https:\\\/\\\/zenkaisen.fr\\\/ru\\\/#website\"},\"primaryImageOfPage\":{\"@id\":\"https:\\\/\\\/zenkaisen.fr\\\/livre\\\/lesprit-de-la-cuisine-selon-un-moine-zen\\\/#primaryimage\"},\"image\":{\"@id\":\"https:\\\/\\\/zenkaisen.fr\\\/livre\\\/lesprit-de-la-cuisine-selon-un-moine-zen\\\/#primaryimage\"},\"thumbnailUrl\":\"https:\\\/\\\/zenkaisen.fr\\\/wp-content\\\/uploads\\\/2025\\\/12\\\/image-3.png\",\"datePublished\":\"2025-12-16T08:48:04+00:00\",\"dateModified\":\"2025-12-16T08:48:05+00:00\",\"breadcrumb\":{\"@id\":\"https:\\\/\\\/zenkaisen.fr\\\/livre\\\/lesprit-de-la-cuisine-selon-un-moine-zen\\\/#breadcrumb\"},\"inLanguage\":\"pl-PL\",\"potentialAction\":[{\"@type\":\"ReadAction\",\"target\":[\"https:\\\/\\\/zenkaisen.fr\\\/livre\\\/lesprit-de-la-cuisine-selon-un-moine-zen\\\/\"]}]},{\"@type\":\"ImageObject\",\"inLanguage\":\"pl-PL\",\"@id\":\"https:\\\/\\\/zenkaisen.fr\\\/livre\\\/lesprit-de-la-cuisine-selon-un-moine-zen\\\/#primaryimage\",\"url\":\"https:\\\/\\\/zenkaisen.fr\\\/wp-content\\\/uploads\\\/2025\\\/12\\\/image-3.png\",\"contentUrl\":\"https:\\\/\\\/zenkaisen.fr\\\/wp-content\\\/uploads\\\/2025\\\/12\\\/image-3.png\",\"width\":200,\"height\":349},{\"@type\":\"BreadcrumbList\",\"@id\":\"https:\\\/\\\/zenkaisen.fr\\\/livre\\\/lesprit-de-la-cuisine-selon-un-moine-zen\\\/#breadcrumb\",\"itemListElement\":[{\"@type\":\"ListItem\",\"position\":1,\"name\":\"Strona g\u0142\u00f3wna\",\"item\":\"https:\\\/\\\/zenkaisen.fr\\\/\"},{\"@type\":\"ListItem\",\"position\":2,\"name\":\"L&#8217;esprit de la cuisine selon un moine zen\"}]},{\"@type\":\"WebSite\",\"@id\":\"https:\\\/\\\/zenkaisen.fr\\\/ru\\\/#website\",\"url\":\"https:\\\/\\\/zenkaisen.fr\\\/ru\\\/\",\"name\":\"Le Zen de Kaisen\",\"description\":\"Zen\",\"publisher\":{\"@id\":\"https:\\\/\\\/zenkaisen.fr\\\/ru\\\/#organization\"},\"potentialAction\":[{\"@type\":\"SearchAction\",\"target\":{\"@type\":\"EntryPoint\",\"urlTemplate\":\"https:\\\/\\\/zenkaisen.fr\\\/ru\\\/?s={search_term_string}\"},\"query-input\":{\"@type\":\"PropertyValueSpecification\",\"valueRequired\":true,\"valueName\":\"search_term_string\"}}],\"inLanguage\":\"pl-PL\"},{\"@type\":\"Organization\",\"@id\":\"https:\\\/\\\/zenkaisen.fr\\\/ru\\\/#organization\",\"name\":\"Le Zen de Kaisen\",\"url\":\"https:\\\/\\\/zenkaisen.fr\\\/ru\\\/\",\"logo\":{\"@type\":\"ImageObject\",\"inLanguage\":\"pl-PL\",\"@id\":\"https:\\\/\\\/zenkaisen.fr\\\/ru\\\/#\\\/schema\\\/logo\\\/image\\\/\",\"url\":\"https:\\\/\\\/zenkaisen.fr\\\/wp-content\\\/uploads\\\/2025\\\/07\\\/logo.png\",\"contentUrl\":\"https:\\\/\\\/zenkaisen.fr\\\/wp-content\\\/uploads\\\/2025\\\/07\\\/logo.png\",\"width\":300,\"height\":300,\"caption\":\"Le Zen de Kaisen\"},\"image\":{\"@id\":\"https:\\\/\\\/zenkaisen.fr\\\/ru\\\/#\\\/schema\\\/logo\\\/image\\\/\"}}]}<\/script>\n<!-- \/ Yoast SEO plugin. -->","yoast_head_json":{"title":"Duch kuchni wed\u0142ug mnicha zen \u2013 Zen Kaisen","robots":{"index":"index","follow":"follow","max-snippet":"max-snippet:-1","max-image-preview":"max-image-preview:large","max-video-preview":"max-video-preview:-1"},"canonical":"https:\/\/zenkaisen.fr\/pl\/ksiazka\/duch-kuchni-wedlug-mnicha-zen\/","og_locale":"pl_PL","og_type":"article","og_title":"L'esprit de la cuisine selon un moine zen - Le Zen de Kaisen","og_description":"Format : 224 pagesDate de publication : 10 octobre 2014\u00c9diteur : TarmaISBN : 9782924157091&nbsp;\u00c9puis\u00e9 \u00ab Le projet de ce livre est de sugg\u00e9rer \u00e0 chacun de cuisiner et de manger [&hellip;]","og_url":"https:\/\/zenkaisen.fr\/pl\/ksiazka\/duch-kuchni-wedlug-mnicha-zen\/","og_site_name":"Le Zen de Kaisen","article_modified_time":"2025-12-16T08:48:05+00:00","og_image":[{"width":200,"height":349,"url":"https:\/\/zenkaisen.fr\/wp-content\/uploads\/2025\/12\/image-3.png","type":"image\/png"}],"twitter_card":"summary_large_image","twitter_misc":{"Szacowany czas czytania":"2 minuty"},"schema":{"@context":"https:\/\/schema.org","@graph":[{"@type":"WebPage","@id":"https:\/\/zenkaisen.fr\/livre\/lesprit-de-la-cuisine-selon-un-moine-zen\/","url":"https:\/\/zenkaisen.fr\/livre\/lesprit-de-la-cuisine-selon-un-moine-zen\/","name":"Duch kuchni wed\u0142ug mnicha zen \u2013 Zen Kaisen","isPartOf":{"@id":"https:\/\/zenkaisen.fr\/ru\/#website"},"primaryImageOfPage":{"@id":"https:\/\/zenkaisen.fr\/livre\/lesprit-de-la-cuisine-selon-un-moine-zen\/#primaryimage"},"image":{"@id":"https:\/\/zenkaisen.fr\/livre\/lesprit-de-la-cuisine-selon-un-moine-zen\/#primaryimage"},"thumbnailUrl":"https:\/\/zenkaisen.fr\/wp-content\/uploads\/2025\/12\/image-3.png","datePublished":"2025-12-16T08:48:04+00:00","dateModified":"2025-12-16T08:48:05+00:00","breadcrumb":{"@id":"https:\/\/zenkaisen.fr\/livre\/lesprit-de-la-cuisine-selon-un-moine-zen\/#breadcrumb"},"inLanguage":"pl-PL","potentialAction":[{"@type":"ReadAction","target":["https:\/\/zenkaisen.fr\/livre\/lesprit-de-la-cuisine-selon-un-moine-zen\/"]}]},{"@type":"ImageObject","inLanguage":"pl-PL","@id":"https:\/\/zenkaisen.fr\/livre\/lesprit-de-la-cuisine-selon-un-moine-zen\/#primaryimage","url":"https:\/\/zenkaisen.fr\/wp-content\/uploads\/2025\/12\/image-3.png","contentUrl":"https:\/\/zenkaisen.fr\/wp-content\/uploads\/2025\/12\/image-3.png","width":200,"height":349},{"@type":"BreadcrumbList","@id":"https:\/\/zenkaisen.fr\/livre\/lesprit-de-la-cuisine-selon-un-moine-zen\/#breadcrumb","itemListElement":[{"@type":"ListItem","position":1,"name":"Strona g\u0142\u00f3wna","item":"https:\/\/zenkaisen.fr\/"},{"@type":"ListItem","position":2,"name":"L&#8217;esprit de la cuisine selon un moine zen"}]},{"@type":"WebSite","@id":"https:\/\/zenkaisen.fr\/ru\/#website","url":"https:\/\/zenkaisen.fr\/ru\/","name":"Zen Kaisen","description":"Zen","publisher":{"@id":"https:\/\/zenkaisen.fr\/ru\/#organization"},"potentialAction":[{"@type":"SearchAction","target":{"@type":"EntryPoint","urlTemplate":"https:\/\/zenkaisen.fr\/ru\/?s={search_term_string}"},"query-input":{"@type":"PropertyValueSpecification","valueRequired":true,"valueName":"search_term_string"}}],"inLanguage":"pl-PL"},{"@type":"Organization","@id":"https:\/\/zenkaisen.fr\/ru\/#organization","name":"Zen Kaisen","url":"https:\/\/zenkaisen.fr\/ru\/","logo":{"@type":"ImageObject","inLanguage":"pl-PL","@id":"https:\/\/zenkaisen.fr\/ru\/#\/schema\/logo\/image\/","url":"https:\/\/zenkaisen.fr\/wp-content\/uploads\/2025\/07\/logo.png","contentUrl":"https:\/\/zenkaisen.fr\/wp-content\/uploads\/2025\/07\/logo.png","width":300,"height":300,"caption":"Le Zen de Kaisen"},"image":{"@id":"https:\/\/zenkaisen.fr\/ru\/#\/schema\/logo\/image\/"}}]}},"_links":{"self":[{"href":"https:\/\/zenkaisen.fr\/pl\/wp-json\/wp\/v2\/livre\/2379","targetHints":{"allow":["GET"]}}],"collection":[{"href":"https:\/\/zenkaisen.fr\/pl\/wp-json\/wp\/v2\/livre"}],"about":[{"href":"https:\/\/zenkaisen.fr\/pl\/wp-json\/wp\/v2\/types\/livre"}],"wp:featuredmedia":[{"embeddable":true,"href":"https:\/\/zenkaisen.fr\/pl\/wp-json\/wp\/v2\/media\/2380"}],"wp:attachment":[{"href":"https:\/\/zenkaisen.fr\/pl\/wp-json\/wp\/v2\/media?parent=2379"}],"curies":[{"name":"wp","href":"https:\/\/api.w.org\/{rel}","templated":true}]}}

Duch kuchni według mnicha zen

<p>Format: 224 strony<br>Data publikacji: 10 października 2014 r.<br>Wydawca: Tarma<br>ISBN: 9782924157091&nbsp;<br>Wyprzedane</p>



<p>«Celem tej książki jest zachęcenie każdego do świadomego gotowania i jedzenia. Nie ma znaczenia, co gotujemy lub jemy, jakich przyborów używamy i w jaki sposób, najważniejsze jest, aby wszystko robić w wielkiej Obecności».<br>«Postaram się przedstawić wyniki czterdziestu lat doświadczeń, badań i refleksji na temat kuchni. Będzie to dla mnie okazja, aby stać się rzecznikiem tego, co uważam za intymne przemyślenia kilku wielkich szefów kuchni, których szanuję.&nbsp;<br>Moje podejście opiera się na kilku kluczowych kwestiach:<br>_ Co wiemy o sztuce gotowania?<br>_ Co wiemy o tajemniczym działaniu, które budzi w tych artystach tak wiele kreatywności, piękna i szczerości?<br>Czy zdajemy sobie sprawę z tego, jaki dar nam dają?<br>Czy jesteśmy świadomi darów, jakie otrzymujemy od natury, istot żywych i otaczającej nas materii?<br>Czy wiemy, czym naprawdę jest mężczyzna?<br>Czy on sam wie, dlaczego je?<br>Czy poprzez kuchnię i sztukę odżywiania się można lepiej zrozumieć naszą rolę na Ziemi?<br>Mam nadzieję, że te pytania podsycą Państwa oczekiwania i życzę smacznego!&nbsp;<br>Sando Kaisen</p>

<p>Format : 224 pagesDate de publication : 10 octobre 2014Éditeur : TarmaISBN : 9782924157091&nbsp;Épuisé « Le projet de ce livre est de suggérer à chacun de cuisiner et de manger [&hellip;]</p>

<!-- This site is optimized with the Yoast SEO plugin v27.5 - https://yoast.com/product/yoast-seo-wordpress/ -->
<title>L&#039;esprit de la cuisine selon un moine zen - Le Zen de Kaisen</title>
<meta name="robots" content="index, follow, max-snippet:-1, max-image-preview:large, max-video-preview:-1" />
<link rel="canonical" href="https://zenkaisen.fr/pl/ksiazka/duch-kuchni-wedlug-mnicha-zen/" />
<meta property="og:locale" content="pl_PL" />
<meta property="og:type" content="article" />
<meta property="og:title" content="L&#039;esprit de la cuisine selon un moine zen - Le Zen de Kaisen" />
<meta property="og:description" content="Format : 224 pagesDate de publication : 10 octobre 2014Éditeur : TarmaISBN : 9782924157091&nbsp;Épuisé « Le projet de ce livre est de suggérer à chacun de cuisiner et de manger [&hellip;]" />
<meta property="og:url" content="https://zenkaisen.fr/pl/ksiazka/duch-kuchni-wedlug-mnicha-zen/" />
<meta property="og:site_name" content="Le Zen de Kaisen" />
<meta property="article:modified_time" content="2025-12-16T08:48:05+00:00" />
<meta property="og:image" content="https://zenkaisen.fr/wp-content/uploads/2025/12/image-3.png" />
	<meta property="og:image:width" content="200" />
	<meta property="og:image:height" content="349" />
	<meta property="og:image:type" content="image/png" />
<meta name="twitter:card" content="summary_large_image" />
<meta name="twitter:label1" content="Szacowany czas czytania" />
	<meta name="twitter:data1" content="2 minuty" />
<script type="application/ld+json" class="yoast-schema-graph">{"@context":"https:\/\/schema.org","@graph":[{"@type":"WebPage","@id":"https:\/\/zenkaisen.fr\/livre\/lesprit-de-la-cuisine-selon-un-moine-zen\/","url":"https:\/\/zenkaisen.fr\/livre\/lesprit-de-la-cuisine-selon-un-moine-zen\/","name":"L'esprit de la cuisine selon un moine zen - Le Zen de Kaisen","isPartOf":{"@id":"https:\/\/zenkaisen.fr\/ru\/#website"},"primaryImageOfPage":{"@id":"https:\/\/zenkaisen.fr\/livre\/lesprit-de-la-cuisine-selon-un-moine-zen\/#primaryimage"},"image":{"@id":"https:\/\/zenkaisen.fr\/livre\/lesprit-de-la-cuisine-selon-un-moine-zen\/#primaryimage"},"thumbnailUrl":"https:\/\/zenkaisen.fr\/wp-content\/uploads\/2025\/12\/image-3.png","datePublished":"2025-12-16T08:48:04+00:00","dateModified":"2025-12-16T08:48:05+00:00","breadcrumb":{"@id":"https:\/\/zenkaisen.fr\/livre\/lesprit-de-la-cuisine-selon-un-moine-zen\/#breadcrumb"},"inLanguage":"pl-PL","potentialAction":[{"@type":"ReadAction","target":["https:\/\/zenkaisen.fr\/livre\/lesprit-de-la-cuisine-selon-un-moine-zen\/"]}]},{"@type":"ImageObject","inLanguage":"pl-PL","@id":"https:\/\/zenkaisen.fr\/livre\/lesprit-de-la-cuisine-selon-un-moine-zen\/#primaryimage","url":"https:\/\/zenkaisen.fr\/wp-content\/uploads\/2025\/12\/image-3.png","contentUrl":"https:\/\/zenkaisen.fr\/wp-content\/uploads\/2025\/12\/image-3.png","width":200,"height":349},{"@type":"BreadcrumbList","@id":"https:\/\/zenkaisen.fr\/livre\/lesprit-de-la-cuisine-selon-un-moine-zen\/#breadcrumb","itemListElement":[{"@type":"ListItem","position":1,"name":"Strona główna","item":"https:\/\/zenkaisen.fr\/"},{"@type":"ListItem","position":2,"name":"L&#8217;esprit de la cuisine selon un moine zen"}]},{"@type":"WebSite","@id":"https:\/\/zenkaisen.fr\/ru\/#website","url":"https:\/\/zenkaisen.fr\/ru\/","name":"Le Zen de Kaisen","description":"Zen","publisher":{"@id":"https:\/\/zenkaisen.fr\/ru\/#organization"},"potentialAction":[{"@type":"SearchAction","target":{"@type":"EntryPoint","urlTemplate":"https:\/\/zenkaisen.fr\/ru\/?s={search_term_string}"},"query-input":{"@type":"PropertyValueSpecification","valueRequired":true,"valueName":"search_term_string"}}],"inLanguage":"pl-PL"},{"@type":"Organization","@id":"https:\/\/zenkaisen.fr\/ru\/#organization","name":"Le Zen de Kaisen","url":"https:\/\/zenkaisen.fr\/ru\/","logo":{"@type":"ImageObject","inLanguage":"pl-PL","@id":"https:\/\/zenkaisen.fr\/ru\/#\/schema\/logo\/image\/","url":"https:\/\/zenkaisen.fr\/wp-content\/uploads\/2025\/07\/logo.png","contentUrl":"https:\/\/zenkaisen.fr\/wp-content\/uploads\/2025\/07\/logo.png","width":300,"height":300,"caption":"Le Zen de Kaisen"},"image":{"@id":"https:\/\/zenkaisen.fr\/ru\/#\/schema\/logo\/image\/"}}]}</script>
<!-- / Yoast SEO plugin. -->

Duch kuchni według mnicha zen – Zen Kaisen

Format : 224 pagesDate de publication : 10 octobre 2014Éditeur : TarmaISBN : 9782924157091&nbsp;Épuisé « Le projet de ce livre est de suggérer à chacun de cuisiner et de manger [&hellip;]

Strona główna
