{"id":2513,"date":"2025-12-27T18:42:44","date_gmt":"2025-12-27T18:42:44","guid":{"rendered":"https:\/\/zenkaisen.fr\/?post_type=livre&#038;p=2513"},"modified":"2025-12-27T18:42:45","modified_gmt":"2025-12-27T18:42:45","slug":"zycie-i-smierc","status":"publish","type":"livre","link":"https:\/\/zenkaisen.fr\/pl\/ksiazka\/zycie-i-smierc\/","title":{"rendered":"\u017bycie i \u015bmier\u0107"},"content":{"rendered":"<p>Format: CD, czas trwania: 30 minut&nbsp;<br>Data publikacji: 15 kwietnia 2002 r.&nbsp;<br>Wydawca: Univox<\/p>\n\n\n\n<p>Nauczanie podczas medytacji.&nbsp;<br>\u00abWszystkie zjawiska s\u0105 pozbawione istoty. Nawet je\u015bli cia\u0142o rodzi si\u0119 i umiera, w pustce nie ma ani narodzin, ani \u015bmierci. Pustka jest wieczn\u0105 rzeczywisto\u015bci\u0105 bez pocz\u0105tku i ko\u0144ca. Pozycja zazen powinna odzwierciedla\u0107 wieczn\u0105 rzeczywisto\u015b\u0107, kt\u00f3ra wykracza poza iluzj\u0119 i o\u015bwiecenie\u00bb.\u00bb&nbsp;<br>Nauki s\u0105 nagrywane bezpo\u015brednio podczas sesji medytacyjnej, a nast\u0119pnie remiksowane bez zmian. Podczas zazen Sando Kaisen przekazuje nauki praktykuj\u0105cym siedz\u0105cym w ciszy twarz\u0105 do \u015bciany. Otrzymuj\u0105 oni jego s\u0142owa bezpo\u015brednio w g\u0142\u0119bi zazen, bez analizowania ani komentowania tego, co s\u0142ysz\u0105. W ten spos\u00f3b nauka przenika ca\u0142\u0105 istot\u0119 bez ingerencji osobistego umys\u0142u. S\u0142uchacze tej p\u0142yty CD s\u0105 proszeni o s\u0142uchanie z g\u0142\u0119bok\u0105 uwag\u0105, bez specjalnego nastawienia umys\u0142u, tak jak podczas medytacji.<\/p>\n\n\n\n<p>Fragmenty audio:\u00a0<\/p>\n\n\n\n<audio src=\"https:\/\/devteam.stronazen.pl\/old-zenkaisen\/wp-content\/uploads\/2024\/05\/5-vie-et-mort.mp3\" preload=\"none\" controls=\"controls\"><\/audio>","protected":false},"excerpt":{"rendered":"<p>Format : CD, Dur\u00e9e : 30&prime;&nbsp;Date de publication : 15 avril 2002&nbsp;\u00c9diteur : Univox Enseignement pendant la m\u00e9ditation.&nbsp;\u00ab Tous les ph\u00e9nom\u00e8nes sont vides de substance. M\u00eame si apparement le corps [&hellip;]<\/p>\n","protected":false},"featured_media":2496,"template":"","meta":{"_acf_changed":false},"class_list":["post-2513","livre","type-livre","status-publish","has-post-thumbnail","hentry"],"acf":[],"yoast_head":"<!-- This site is optimized with the Yoast SEO plugin v27.5 - https:\/\/yoast.com\/product\/yoast-seo-wordpress\/ -->\n<title>Vie et mort - Le Zen de Kaisen<\/title>\n<meta name=\"robots\" content=\"index, follow, max-snippet:-1, max-image-preview:large, max-video-preview:-1\" \/>\n<link rel=\"canonical\" href=\"https:\/\/zenkaisen.fr\/pl\/ksiazka\/zycie-i-smierc\/\" \/>\n<meta property=\"og:locale\" content=\"pl_PL\" \/>\n<meta property=\"og:type\" content=\"article\" \/>\n<meta property=\"og:title\" content=\"Vie et mort - Le Zen de Kaisen\" \/>\n<meta property=\"og:description\" content=\"Format : CD, Dur\u00e9e : 30&prime;&nbsp;Date de publication : 15 avril 2002&nbsp;\u00c9diteur : Univox Enseignement pendant la m\u00e9ditation.&nbsp;\u00ab Tous les ph\u00e9nom\u00e8nes sont vides de substance. M\u00eame si apparement le corps [&hellip;]\" \/>\n<meta property=\"og:url\" content=\"https:\/\/zenkaisen.fr\/pl\/ksiazka\/zycie-i-smierc\/\" \/>\n<meta property=\"og:site_name\" content=\"Le Zen de Kaisen\" \/>\n<meta property=\"article:modified_time\" content=\"2025-12-27T18:42:45+00:00\" \/>\n<meta property=\"og:image\" content=\"https:\/\/zenkaisen.fr\/wp-content\/uploads\/2025\/12\/Vie-et-mort.jpg\" \/>\n\t<meta property=\"og:image:width\" content=\"200\" \/>\n\t<meta property=\"og:image:height\" content=\"200\" \/>\n\t<meta property=\"og:image:type\" content=\"image\/jpeg\" \/>\n<meta name=\"twitter:card\" content=\"summary_large_image\" \/>\n<meta name=\"twitter:label1\" content=\"Szacowany czas czytania\" \/>\n\t<meta name=\"twitter:data1\" content=\"2 minuty\" \/>\n<script type=\"application\/ld+json\" class=\"yoast-schema-graph\">{\"@context\":\"https:\\\/\\\/schema.org\",\"@graph\":[{\"@type\":\"WebPage\",\"@id\":\"https:\\\/\\\/zenkaisen.fr\\\/livre\\\/vie-et-mort\\\/\",\"url\":\"https:\\\/\\\/zenkaisen.fr\\\/livre\\\/vie-et-mort\\\/\",\"name\":\"Vie et mort - Le Zen de Kaisen\",\"isPartOf\":{\"@id\":\"https:\\\/\\\/zenkaisen.fr\\\/ru\\\/#website\"},\"primaryImageOfPage\":{\"@id\":\"https:\\\/\\\/zenkaisen.fr\\\/livre\\\/vie-et-mort\\\/#primaryimage\"},\"image\":{\"@id\":\"https:\\\/\\\/zenkaisen.fr\\\/livre\\\/vie-et-mort\\\/#primaryimage\"},\"thumbnailUrl\":\"https:\\\/\\\/zenkaisen.fr\\\/wp-content\\\/uploads\\\/2025\\\/12\\\/Vie-et-mort.jpg\",\"datePublished\":\"2025-12-27T18:42:44+00:00\",\"dateModified\":\"2025-12-27T18:42:45+00:00\",\"breadcrumb\":{\"@id\":\"https:\\\/\\\/zenkaisen.fr\\\/livre\\\/vie-et-mort\\\/#breadcrumb\"},\"inLanguage\":\"pl-PL\",\"potentialAction\":[{\"@type\":\"ReadAction\",\"target\":[\"https:\\\/\\\/zenkaisen.fr\\\/livre\\\/vie-et-mort\\\/\"]}]},{\"@type\":\"ImageObject\",\"inLanguage\":\"pl-PL\",\"@id\":\"https:\\\/\\\/zenkaisen.fr\\\/livre\\\/vie-et-mort\\\/#primaryimage\",\"url\":\"https:\\\/\\\/zenkaisen.fr\\\/wp-content\\\/uploads\\\/2025\\\/12\\\/Vie-et-mort.jpg\",\"contentUrl\":\"https:\\\/\\\/zenkaisen.fr\\\/wp-content\\\/uploads\\\/2025\\\/12\\\/Vie-et-mort.jpg\",\"width\":200,\"height\":200},{\"@type\":\"BreadcrumbList\",\"@id\":\"https:\\\/\\\/zenkaisen.fr\\\/livre\\\/vie-et-mort\\\/#breadcrumb\",\"itemListElement\":[{\"@type\":\"ListItem\",\"position\":1,\"name\":\"Strona g\u0142\u00f3wna\",\"item\":\"https:\\\/\\\/zenkaisen.fr\\\/\"},{\"@type\":\"ListItem\",\"position\":2,\"name\":\"Vie et mort\"}]},{\"@type\":\"WebSite\",\"@id\":\"https:\\\/\\\/zenkaisen.fr\\\/ru\\\/#website\",\"url\":\"https:\\\/\\\/zenkaisen.fr\\\/ru\\\/\",\"name\":\"Le Zen de Kaisen\",\"description\":\"Zen\",\"publisher\":{\"@id\":\"https:\\\/\\\/zenkaisen.fr\\\/ru\\\/#organization\"},\"potentialAction\":[{\"@type\":\"SearchAction\",\"target\":{\"@type\":\"EntryPoint\",\"urlTemplate\":\"https:\\\/\\\/zenkaisen.fr\\\/ru\\\/?s={search_term_string}\"},\"query-input\":{\"@type\":\"PropertyValueSpecification\",\"valueRequired\":true,\"valueName\":\"search_term_string\"}}],\"inLanguage\":\"pl-PL\"},{\"@type\":\"Organization\",\"@id\":\"https:\\\/\\\/zenkaisen.fr\\\/ru\\\/#organization\",\"name\":\"Le Zen de Kaisen\",\"url\":\"https:\\\/\\\/zenkaisen.fr\\\/ru\\\/\",\"logo\":{\"@type\":\"ImageObject\",\"inLanguage\":\"pl-PL\",\"@id\":\"https:\\\/\\\/zenkaisen.fr\\\/ru\\\/#\\\/schema\\\/logo\\\/image\\\/\",\"url\":\"https:\\\/\\\/zenkaisen.fr\\\/wp-content\\\/uploads\\\/2025\\\/07\\\/logo.png\",\"contentUrl\":\"https:\\\/\\\/zenkaisen.fr\\\/wp-content\\\/uploads\\\/2025\\\/07\\\/logo.png\",\"width\":300,\"height\":300,\"caption\":\"Le Zen de Kaisen\"},\"image\":{\"@id\":\"https:\\\/\\\/zenkaisen.fr\\\/ru\\\/#\\\/schema\\\/logo\\\/image\\\/\"}}]}<\/script>\n<!-- \/ Yoast SEO plugin. -->","yoast_head_json":{"title":"\u017bycie i \u015bmier\u0107 \u2013 Zen Kaisen","robots":{"index":"index","follow":"follow","max-snippet":"max-snippet:-1","max-image-preview":"max-image-preview:large","max-video-preview":"max-video-preview:-1"},"canonical":"https:\/\/zenkaisen.fr\/pl\/ksiazka\/zycie-i-smierc\/","og_locale":"pl_PL","og_type":"article","og_title":"Vie et mort - Le Zen de Kaisen","og_description":"Format : CD, Dur\u00e9e : 30&prime;&nbsp;Date de publication : 15 avril 2002&nbsp;\u00c9diteur : Univox Enseignement pendant la m\u00e9ditation.&nbsp;\u00ab Tous les ph\u00e9nom\u00e8nes sont vides de substance. M\u00eame si apparement le corps [&hellip;]","og_url":"https:\/\/zenkaisen.fr\/pl\/ksiazka\/zycie-i-smierc\/","og_site_name":"Le Zen de Kaisen","article_modified_time":"2025-12-27T18:42:45+00:00","og_image":[{"width":200,"height":200,"url":"https:\/\/zenkaisen.fr\/wp-content\/uploads\/2025\/12\/Vie-et-mort.jpg","type":"image\/jpeg"}],"twitter_card":"summary_large_image","twitter_misc":{"Szacowany czas czytania":"2 minuty"},"schema":{"@context":"https:\/\/schema.org","@graph":[{"@type":"WebPage","@id":"https:\/\/zenkaisen.fr\/livre\/vie-et-mort\/","url":"https:\/\/zenkaisen.fr\/livre\/vie-et-mort\/","name":"\u017bycie i \u015bmier\u0107 \u2013 Zen Kaisen","isPartOf":{"@id":"https:\/\/zenkaisen.fr\/ru\/#website"},"primaryImageOfPage":{"@id":"https:\/\/zenkaisen.fr\/livre\/vie-et-mort\/#primaryimage"},"image":{"@id":"https:\/\/zenkaisen.fr\/livre\/vie-et-mort\/#primaryimage"},"thumbnailUrl":"https:\/\/zenkaisen.fr\/wp-content\/uploads\/2025\/12\/Vie-et-mort.jpg","datePublished":"2025-12-27T18:42:44+00:00","dateModified":"2025-12-27T18:42:45+00:00","breadcrumb":{"@id":"https:\/\/zenkaisen.fr\/livre\/vie-et-mort\/#breadcrumb"},"inLanguage":"pl-PL","potentialAction":[{"@type":"ReadAction","target":["https:\/\/zenkaisen.fr\/livre\/vie-et-mort\/"]}]},{"@type":"ImageObject","inLanguage":"pl-PL","@id":"https:\/\/zenkaisen.fr\/livre\/vie-et-mort\/#primaryimage","url":"https:\/\/zenkaisen.fr\/wp-content\/uploads\/2025\/12\/Vie-et-mort.jpg","contentUrl":"https:\/\/zenkaisen.fr\/wp-content\/uploads\/2025\/12\/Vie-et-mort.jpg","width":200,"height":200},{"@type":"BreadcrumbList","@id":"https:\/\/zenkaisen.fr\/livre\/vie-et-mort\/#breadcrumb","itemListElement":[{"@type":"ListItem","position":1,"name":"Strona g\u0142\u00f3wna","item":"https:\/\/zenkaisen.fr\/"},{"@type":"ListItem","position":2,"name":"Vie et mort"}]},{"@type":"WebSite","@id":"https:\/\/zenkaisen.fr\/ru\/#website","url":"https:\/\/zenkaisen.fr\/ru\/","name":"Zen Kaisen","description":"Zen","publisher":{"@id":"https:\/\/zenkaisen.fr\/ru\/#organization"},"potentialAction":[{"@type":"SearchAction","target":{"@type":"EntryPoint","urlTemplate":"https:\/\/zenkaisen.fr\/ru\/?s={search_term_string}"},"query-input":{"@type":"PropertyValueSpecification","valueRequired":true,"valueName":"search_term_string"}}],"inLanguage":"pl-PL"},{"@type":"Organization","@id":"https:\/\/zenkaisen.fr\/ru\/#organization","name":"Zen Kaisen","url":"https:\/\/zenkaisen.fr\/ru\/","logo":{"@type":"ImageObject","inLanguage":"pl-PL","@id":"https:\/\/zenkaisen.fr\/ru\/#\/schema\/logo\/image\/","url":"https:\/\/zenkaisen.fr\/wp-content\/uploads\/2025\/07\/logo.png","contentUrl":"https:\/\/zenkaisen.fr\/wp-content\/uploads\/2025\/07\/logo.png","width":300,"height":300,"caption":"Le Zen de Kaisen"},"image":{"@id":"https:\/\/zenkaisen.fr\/ru\/#\/schema\/logo\/image\/"}}]}},"_links":{"self":[{"href":"https:\/\/zenkaisen.fr\/pl\/wp-json\/wp\/v2\/livre\/2513","targetHints":{"allow":["GET"]}}],"collection":[{"href":"https:\/\/zenkaisen.fr\/pl\/wp-json\/wp\/v2\/livre"}],"about":[{"href":"https:\/\/zenkaisen.fr\/pl\/wp-json\/wp\/v2\/types\/livre"}],"wp:featuredmedia":[{"embeddable":true,"href":"https:\/\/zenkaisen.fr\/pl\/wp-json\/wp\/v2\/media\/2496"}],"wp:attachment":[{"href":"https:\/\/zenkaisen.fr\/pl\/wp-json\/wp\/v2\/media?parent=2513"}],"curies":[{"name":"wp","href":"https:\/\/api.w.org\/{rel}","templated":true}]}}

Życie i śmierć

<p>Format: CD, czas trwania: 30 minut&nbsp;<br>Data publikacji: 15 kwietnia 2002 r.&nbsp;<br>Wydawca: Univox</p>



<p>Nauczanie podczas medytacji.&nbsp;<br>«Wszystkie zjawiska są pozbawione istoty. Nawet jeśli ciało rodzi się i umiera, w pustce nie ma ani narodzin, ani śmierci. Pustka jest wieczną rzeczywistością bez początku i końca. Pozycja zazen powinna odzwierciedlać wieczną rzeczywistość, która wykracza poza iluzję i oświecenie».»&nbsp;<br>Nauki są nagrywane bezpośrednio podczas sesji medytacyjnej, a następnie remiksowane bez zmian. Podczas zazen Sando Kaisen przekazuje nauki praktykującym siedzącym w ciszy twarzą do ściany. Otrzymują oni jego słowa bezpośrednio w głębi zazen, bez analizowania ani komentowania tego, co słyszą. W ten sposób nauka przenika całą istotę bez ingerencji osobistego umysłu. Słuchacze tej płyty CD są proszeni o słuchanie z głęboką uwagą, bez specjalnego nastawienia umysłu, tak jak podczas medytacji.</p>



<p>Fragmenty audio: </p>



<audio src="https://devteam.stronazen.pl/old-zenkaisen/wp-content/uploads/2024/05/5-vie-et-mort.mp3" preload="none" controls="controls"></audio>

<p>Format : CD, Durée : 30&prime;&nbsp;Date de publication : 15 avril 2002&nbsp;Éditeur : Univox Enseignement pendant la méditation.&nbsp;« Tous les phénomènes sont vides de substance. Même si apparement le corps [&hellip;]</p>

<!-- This site is optimized with the Yoast SEO plugin v27.5 - https://yoast.com/product/yoast-seo-wordpress/ -->
<title>Vie et mort - Le Zen de Kaisen</title>
<meta name="robots" content="index, follow, max-snippet:-1, max-image-preview:large, max-video-preview:-1" />
<link rel="canonical" href="https://zenkaisen.fr/pl/ksiazka/zycie-i-smierc/" />
<meta property="og:locale" content="pl_PL" />
<meta property="og:type" content="article" />
<meta property="og:title" content="Vie et mort - Le Zen de Kaisen" />
<meta property="og:description" content="Format : CD, Durée : 30&prime;&nbsp;Date de publication : 15 avril 2002&nbsp;Éditeur : Univox Enseignement pendant la méditation.&nbsp;« Tous les phénomènes sont vides de substance. Même si apparement le corps [&hellip;]" />
<meta property="og:url" content="https://zenkaisen.fr/pl/ksiazka/zycie-i-smierc/" />
<meta property="og:site_name" content="Le Zen de Kaisen" />
<meta property="article:modified_time" content="2025-12-27T18:42:45+00:00" />
<meta property="og:image" content="https://zenkaisen.fr/wp-content/uploads/2025/12/Vie-et-mort.jpg" />
	<meta property="og:image:width" content="200" />
	<meta property="og:image:height" content="200" />
	<meta property="og:image:type" content="image/jpeg" />
<meta name="twitter:card" content="summary_large_image" />
<meta name="twitter:label1" content="Szacowany czas czytania" />
	<meta name="twitter:data1" content="2 minuty" />
<script type="application/ld+json" class="yoast-schema-graph">{"@context":"https:\/\/schema.org","@graph":[{"@type":"WebPage","@id":"https:\/\/zenkaisen.fr\/livre\/vie-et-mort\/","url":"https:\/\/zenkaisen.fr\/livre\/vie-et-mort\/","name":"Vie et mort - Le Zen de Kaisen","isPartOf":{"@id":"https:\/\/zenkaisen.fr\/ru\/#website"},"primaryImageOfPage":{"@id":"https:\/\/zenkaisen.fr\/livre\/vie-et-mort\/#primaryimage"},"image":{"@id":"https:\/\/zenkaisen.fr\/livre\/vie-et-mort\/#primaryimage"},"thumbnailUrl":"https:\/\/zenkaisen.fr\/wp-content\/uploads\/2025\/12\/Vie-et-mort.jpg","datePublished":"2025-12-27T18:42:44+00:00","dateModified":"2025-12-27T18:42:45+00:00","breadcrumb":{"@id":"https:\/\/zenkaisen.fr\/livre\/vie-et-mort\/#breadcrumb"},"inLanguage":"pl-PL","potentialAction":[{"@type":"ReadAction","target":["https:\/\/zenkaisen.fr\/livre\/vie-et-mort\/"]}]},{"@type":"ImageObject","inLanguage":"pl-PL","@id":"https:\/\/zenkaisen.fr\/livre\/vie-et-mort\/#primaryimage","url":"https:\/\/zenkaisen.fr\/wp-content\/uploads\/2025\/12\/Vie-et-mort.jpg","contentUrl":"https:\/\/zenkaisen.fr\/wp-content\/uploads\/2025\/12\/Vie-et-mort.jpg","width":200,"height":200},{"@type":"BreadcrumbList","@id":"https:\/\/zenkaisen.fr\/livre\/vie-et-mort\/#breadcrumb","itemListElement":[{"@type":"ListItem","position":1,"name":"Strona główna","item":"https:\/\/zenkaisen.fr\/"},{"@type":"ListItem","position":2,"name":"Vie et mort"}]},{"@type":"WebSite","@id":"https:\/\/zenkaisen.fr\/ru\/#website","url":"https:\/\/zenkaisen.fr\/ru\/","name":"Le Zen de Kaisen","description":"Zen","publisher":{"@id":"https:\/\/zenkaisen.fr\/ru\/#organization"},"potentialAction":[{"@type":"SearchAction","target":{"@type":"EntryPoint","urlTemplate":"https:\/\/zenkaisen.fr\/ru\/?s={search_term_string}"},"query-input":{"@type":"PropertyValueSpecification","valueRequired":true,"valueName":"search_term_string"}}],"inLanguage":"pl-PL"},{"@type":"Organization","@id":"https:\/\/zenkaisen.fr\/ru\/#organization","name":"Le Zen de Kaisen","url":"https:\/\/zenkaisen.fr\/ru\/","logo":{"@type":"ImageObject","inLanguage":"pl-PL","@id":"https:\/\/zenkaisen.fr\/ru\/#\/schema\/logo\/image\/","url":"https:\/\/zenkaisen.fr\/wp-content\/uploads\/2025\/07\/logo.png","contentUrl":"https:\/\/zenkaisen.fr\/wp-content\/uploads\/2025\/07\/logo.png","width":300,"height":300,"caption":"Le Zen de Kaisen"},"image":{"@id":"https:\/\/zenkaisen.fr\/ru\/#\/schema\/logo\/image\/"}}]}</script>
<!-- / Yoast SEO plugin. -->

Życie i śmierć – Zen Kaisen

Format : CD, Durée : 30&prime;&nbsp;Date de publication : 15 avril 2002&nbsp;Éditeur : Univox Enseignement pendant la méditation.&nbsp;« Tous les phénomènes sont vides de substance. Même si apparement le corps [&hellip;]

Strona główna
