{"id":2519,"date":"2025-12-27T18:48:51","date_gmt":"2025-12-27T18:48:51","guid":{"rendered":"https:\/\/zenkaisen.fr\/?post_type=livre&#038;p=2519"},"modified":"2025-12-27T18:48:52","modified_gmt":"2025-12-27T18:48:52","slug":"slowa-zen","status":"publish","type":"livre","link":"https:\/\/zenkaisen.fr\/pl\/ksiazka\/slowa-zen\/","title":{"rendered":"Zenowe s\u0142owa"},"content":{"rendered":"<p>Format: CD, czas trwania: 53 minuty<br>Data publikacji: 21 stycznia 2003 r.<br>Wydawca: Univox<\/p>\n\n\n\n<p>S\u0142owa zen. Strofiki zen, kt\u00f3re rozja\u015bniaj\u0105 umys\u0142. S\u0142owa wywodz\u0105ce si\u0119 z czystej tradycji zen, kt\u00f3re przemawiaj\u0105 do najg\u0142\u0119bszej istoty cz\u0142owieka. Muzyka tworzy pomost mi\u0119dzy dwiema strofami. \u00abNie wprowadzajcie py\u0142u do oczu. B\u0105d\u017acie sob\u0105, bez my\u015bli. Wtedy wszystko stanie si\u0119 jasne\u00bb.<\/p>\n\n\n\n<p>Fragmenty audio:<\/p>\n\n\n\n<audio src=\"https:\/\/devteam.stronazen.pl\/old-zenkaisen\/wp-content\/uploads\/2024\/05\/11-paroles-zen.mp3\" controls=\"controls\" preload=\"none\"><\/audio>","protected":false},"excerpt":{"rendered":"<p>Format : CD, Dur\u00e9e : 53&prime;Date de publication : 21 janvier 2003\u00c9diteur : Univox Paroles zen. Des stances zen pour \u00e9clairer l&rsquo;esprit. Des paroles issues de la pure tradition du [&hellip;]<\/p>\n","protected":false},"featured_media":2508,"template":"","meta":{"_acf_changed":false},"class_list":["post-2519","livre","type-livre","status-publish","has-post-thumbnail","hentry"],"acf":[],"yoast_head":"<!-- This site is optimized with the Yoast SEO plugin v27.4 - https:\/\/yoast.com\/product\/yoast-seo-wordpress\/ -->\n<title>Paroles zen - Le Zen de Kaisen<\/title>\n<meta name=\"robots\" content=\"index, follow, max-snippet:-1, max-image-preview:large, max-video-preview:-1\" \/>\n<link rel=\"canonical\" href=\"https:\/\/zenkaisen.fr\/pl\/ksiazka\/slowa-zen\/\" \/>\n<meta property=\"og:locale\" content=\"pl_PL\" \/>\n<meta property=\"og:type\" content=\"article\" \/>\n<meta property=\"og:title\" content=\"Paroles zen - Le Zen de Kaisen\" \/>\n<meta property=\"og:description\" content=\"Format : CD, Dur\u00e9e : 53&prime;Date de publication : 21 janvier 2003\u00c9diteur : Univox Paroles zen. Des stances zen pour \u00e9clairer l&rsquo;esprit. Des paroles issues de la pure tradition du [&hellip;]\" \/>\n<meta property=\"og:url\" content=\"https:\/\/zenkaisen.fr\/pl\/ksiazka\/slowa-zen\/\" \/>\n<meta property=\"og:site_name\" content=\"Le Zen de Kaisen\" \/>\n<meta property=\"article:modified_time\" content=\"2025-12-27T18:48:52+00:00\" \/>\n<meta property=\"og:image\" content=\"https:\/\/zenkaisen.fr\/wp-content\/uploads\/2025\/12\/Paroles-Zen.jpg\" \/>\n\t<meta property=\"og:image:width\" content=\"200\" \/>\n\t<meta property=\"og:image:height\" content=\"198\" \/>\n\t<meta property=\"og:image:type\" content=\"image\/jpeg\" \/>\n<meta name=\"twitter:card\" content=\"summary_large_image\" \/>\n<meta name=\"twitter:label1\" content=\"Szacowany czas czytania\" \/>\n\t<meta name=\"twitter:data1\" content=\"1 minuta\" \/>\n<script type=\"application\/ld+json\" class=\"yoast-schema-graph\">{\"@context\":\"https:\\\/\\\/schema.org\",\"@graph\":[{\"@type\":\"WebPage\",\"@id\":\"https:\\\/\\\/zenkaisen.fr\\\/livre\\\/paroles-zen\\\/\",\"url\":\"https:\\\/\\\/zenkaisen.fr\\\/livre\\\/paroles-zen\\\/\",\"name\":\"Paroles zen - Le Zen de Kaisen\",\"isPartOf\":{\"@id\":\"https:\\\/\\\/zenkaisen.fr\\\/ru\\\/#website\"},\"primaryImageOfPage\":{\"@id\":\"https:\\\/\\\/zenkaisen.fr\\\/livre\\\/paroles-zen\\\/#primaryimage\"},\"image\":{\"@id\":\"https:\\\/\\\/zenkaisen.fr\\\/livre\\\/paroles-zen\\\/#primaryimage\"},\"thumbnailUrl\":\"https:\\\/\\\/zenkaisen.fr\\\/wp-content\\\/uploads\\\/2025\\\/12\\\/Paroles-Zen.jpg\",\"datePublished\":\"2025-12-27T18:48:51+00:00\",\"dateModified\":\"2025-12-27T18:48:52+00:00\",\"breadcrumb\":{\"@id\":\"https:\\\/\\\/zenkaisen.fr\\\/livre\\\/paroles-zen\\\/#breadcrumb\"},\"inLanguage\":\"pl-PL\",\"potentialAction\":[{\"@type\":\"ReadAction\",\"target\":[\"https:\\\/\\\/zenkaisen.fr\\\/livre\\\/paroles-zen\\\/\"]}]},{\"@type\":\"ImageObject\",\"inLanguage\":\"pl-PL\",\"@id\":\"https:\\\/\\\/zenkaisen.fr\\\/livre\\\/paroles-zen\\\/#primaryimage\",\"url\":\"https:\\\/\\\/zenkaisen.fr\\\/wp-content\\\/uploads\\\/2025\\\/12\\\/Paroles-Zen.jpg\",\"contentUrl\":\"https:\\\/\\\/zenkaisen.fr\\\/wp-content\\\/uploads\\\/2025\\\/12\\\/Paroles-Zen.jpg\",\"width\":200,\"height\":198},{\"@type\":\"BreadcrumbList\",\"@id\":\"https:\\\/\\\/zenkaisen.fr\\\/livre\\\/paroles-zen\\\/#breadcrumb\",\"itemListElement\":[{\"@type\":\"ListItem\",\"position\":1,\"name\":\"Strona g\u0142\u00f3wna\",\"item\":\"https:\\\/\\\/zenkaisen.fr\\\/\"},{\"@type\":\"ListItem\",\"position\":2,\"name\":\"Paroles zen\"}]},{\"@type\":\"WebSite\",\"@id\":\"https:\\\/\\\/zenkaisen.fr\\\/ru\\\/#website\",\"url\":\"https:\\\/\\\/zenkaisen.fr\\\/ru\\\/\",\"name\":\"Le Zen de Kaisen\",\"description\":\"Zen\",\"publisher\":{\"@id\":\"https:\\\/\\\/zenkaisen.fr\\\/ru\\\/#organization\"},\"potentialAction\":[{\"@type\":\"SearchAction\",\"target\":{\"@type\":\"EntryPoint\",\"urlTemplate\":\"https:\\\/\\\/zenkaisen.fr\\\/ru\\\/?s={search_term_string}\"},\"query-input\":{\"@type\":\"PropertyValueSpecification\",\"valueRequired\":true,\"valueName\":\"search_term_string\"}}],\"inLanguage\":\"pl-PL\"},{\"@type\":\"Organization\",\"@id\":\"https:\\\/\\\/zenkaisen.fr\\\/ru\\\/#organization\",\"name\":\"Le Zen de Kaisen\",\"url\":\"https:\\\/\\\/zenkaisen.fr\\\/ru\\\/\",\"logo\":{\"@type\":\"ImageObject\",\"inLanguage\":\"pl-PL\",\"@id\":\"https:\\\/\\\/zenkaisen.fr\\\/ru\\\/#\\\/schema\\\/logo\\\/image\\\/\",\"url\":\"https:\\\/\\\/zenkaisen.fr\\\/wp-content\\\/uploads\\\/2025\\\/07\\\/logo.png\",\"contentUrl\":\"https:\\\/\\\/zenkaisen.fr\\\/wp-content\\\/uploads\\\/2025\\\/07\\\/logo.png\",\"width\":300,\"height\":300,\"caption\":\"Le Zen de Kaisen\"},\"image\":{\"@id\":\"https:\\\/\\\/zenkaisen.fr\\\/ru\\\/#\\\/schema\\\/logo\\\/image\\\/\"}}]}<\/script>\n<!-- \/ Yoast SEO plugin. -->","yoast_head_json":{"title":"Zenowe s\u0142owa - Zen Kaisen","robots":{"index":"index","follow":"follow","max-snippet":"max-snippet:-1","max-image-preview":"max-image-preview:large","max-video-preview":"max-video-preview:-1"},"canonical":"https:\/\/zenkaisen.fr\/pl\/ksiazka\/slowa-zen\/","og_locale":"pl_PL","og_type":"article","og_title":"Paroles zen - Le Zen de Kaisen","og_description":"Format : CD, Dur\u00e9e : 53&prime;Date de publication : 21 janvier 2003\u00c9diteur : Univox Paroles zen. Des stances zen pour \u00e9clairer l&rsquo;esprit. Des paroles issues de la pure tradition du [&hellip;]","og_url":"https:\/\/zenkaisen.fr\/pl\/ksiazka\/slowa-zen\/","og_site_name":"Le Zen de Kaisen","article_modified_time":"2025-12-27T18:48:52+00:00","og_image":[{"width":200,"height":198,"url":"https:\/\/zenkaisen.fr\/wp-content\/uploads\/2025\/12\/Paroles-Zen.jpg","type":"image\/jpeg"}],"twitter_card":"summary_large_image","twitter_misc":{"Szacowany czas czytania":"1 minuta"},"schema":{"@context":"https:\/\/schema.org","@graph":[{"@type":"WebPage","@id":"https:\/\/zenkaisen.fr\/livre\/paroles-zen\/","url":"https:\/\/zenkaisen.fr\/livre\/paroles-zen\/","name":"Zenowe s\u0142owa - Zen Kaisen","isPartOf":{"@id":"https:\/\/zenkaisen.fr\/ru\/#website"},"primaryImageOfPage":{"@id":"https:\/\/zenkaisen.fr\/livre\/paroles-zen\/#primaryimage"},"image":{"@id":"https:\/\/zenkaisen.fr\/livre\/paroles-zen\/#primaryimage"},"thumbnailUrl":"https:\/\/zenkaisen.fr\/wp-content\/uploads\/2025\/12\/Paroles-Zen.jpg","datePublished":"2025-12-27T18:48:51+00:00","dateModified":"2025-12-27T18:48:52+00:00","breadcrumb":{"@id":"https:\/\/zenkaisen.fr\/livre\/paroles-zen\/#breadcrumb"},"inLanguage":"pl-PL","potentialAction":[{"@type":"ReadAction","target":["https:\/\/zenkaisen.fr\/livre\/paroles-zen\/"]}]},{"@type":"ImageObject","inLanguage":"pl-PL","@id":"https:\/\/zenkaisen.fr\/livre\/paroles-zen\/#primaryimage","url":"https:\/\/zenkaisen.fr\/wp-content\/uploads\/2025\/12\/Paroles-Zen.jpg","contentUrl":"https:\/\/zenkaisen.fr\/wp-content\/uploads\/2025\/12\/Paroles-Zen.jpg","width":200,"height":198},{"@type":"BreadcrumbList","@id":"https:\/\/zenkaisen.fr\/livre\/paroles-zen\/#breadcrumb","itemListElement":[{"@type":"ListItem","position":1,"name":"Strona g\u0142\u00f3wna","item":"https:\/\/zenkaisen.fr\/"},{"@type":"ListItem","position":2,"name":"Paroles zen"}]},{"@type":"WebSite","@id":"https:\/\/zenkaisen.fr\/ru\/#website","url":"https:\/\/zenkaisen.fr\/ru\/","name":"Zen Kaisen","description":"Zen","publisher":{"@id":"https:\/\/zenkaisen.fr\/ru\/#organization"},"potentialAction":[{"@type":"SearchAction","target":{"@type":"EntryPoint","urlTemplate":"https:\/\/zenkaisen.fr\/ru\/?s={search_term_string}"},"query-input":{"@type":"PropertyValueSpecification","valueRequired":true,"valueName":"search_term_string"}}],"inLanguage":"pl-PL"},{"@type":"Organization","@id":"https:\/\/zenkaisen.fr\/ru\/#organization","name":"Zen Kaisen","url":"https:\/\/zenkaisen.fr\/ru\/","logo":{"@type":"ImageObject","inLanguage":"pl-PL","@id":"https:\/\/zenkaisen.fr\/ru\/#\/schema\/logo\/image\/","url":"https:\/\/zenkaisen.fr\/wp-content\/uploads\/2025\/07\/logo.png","contentUrl":"https:\/\/zenkaisen.fr\/wp-content\/uploads\/2025\/07\/logo.png","width":300,"height":300,"caption":"Le Zen de Kaisen"},"image":{"@id":"https:\/\/zenkaisen.fr\/ru\/#\/schema\/logo\/image\/"}}]}},"_links":{"self":[{"href":"https:\/\/zenkaisen.fr\/pl\/wp-json\/wp\/v2\/livre\/2519","targetHints":{"allow":["GET"]}}],"collection":[{"href":"https:\/\/zenkaisen.fr\/pl\/wp-json\/wp\/v2\/livre"}],"about":[{"href":"https:\/\/zenkaisen.fr\/pl\/wp-json\/wp\/v2\/types\/livre"}],"wp:featuredmedia":[{"embeddable":true,"href":"https:\/\/zenkaisen.fr\/pl\/wp-json\/wp\/v2\/media\/2508"}],"wp:attachment":[{"href":"https:\/\/zenkaisen.fr\/pl\/wp-json\/wp\/v2\/media?parent=2519"}],"curies":[{"name":"wp","href":"https:\/\/api.w.org\/{rel}","templated":true}]}}

Zenowe słowa

<p>Format: CD, czas trwania: 53 minuty<br>Data publikacji: 21 stycznia 2003 r.<br>Wydawca: Univox</p>



<p>Słowa zen. Strofiki zen, które rozjaśniają umysł. Słowa wywodzące się z czystej tradycji zen, które przemawiają do najgłębszej istoty człowieka. Muzyka tworzy pomost między dwiema strofami. «Nie wprowadzajcie pyłu do oczu. Bądźcie sobą, bez myśli. Wtedy wszystko stanie się jasne».</p>



<p>Fragmenty audio:</p>



<audio src="https://devteam.stronazen.pl/old-zenkaisen/wp-content/uploads/2024/05/11-paroles-zen.mp3" controls="controls" preload="none"></audio>

<p>Format : CD, Durée : 53&prime;Date de publication : 21 janvier 2003Éditeur : Univox Paroles zen. Des stances zen pour éclairer l&rsquo;esprit. Des paroles issues de la pure tradition du [&hellip;]</p>

<!-- This site is optimized with the Yoast SEO plugin v27.4 - https://yoast.com/product/yoast-seo-wordpress/ -->
<title>Paroles zen - Le Zen de Kaisen</title>
<meta name="robots" content="index, follow, max-snippet:-1, max-image-preview:large, max-video-preview:-1" />
<link rel="canonical" href="https://zenkaisen.fr/pl/ksiazka/slowa-zen/" />
<meta property="og:locale" content="pl_PL" />
<meta property="og:type" content="article" />
<meta property="og:title" content="Paroles zen - Le Zen de Kaisen" />
<meta property="og:description" content="Format : CD, Durée : 53&prime;Date de publication : 21 janvier 2003Éditeur : Univox Paroles zen. Des stances zen pour éclairer l&rsquo;esprit. Des paroles issues de la pure tradition du [&hellip;]" />
<meta property="og:url" content="https://zenkaisen.fr/pl/ksiazka/slowa-zen/" />
<meta property="og:site_name" content="Le Zen de Kaisen" />
<meta property="article:modified_time" content="2025-12-27T18:48:52+00:00" />
<meta property="og:image" content="https://zenkaisen.fr/wp-content/uploads/2025/12/Paroles-Zen.jpg" />
	<meta property="og:image:width" content="200" />
	<meta property="og:image:height" content="198" />
	<meta property="og:image:type" content="image/jpeg" />
<meta name="twitter:card" content="summary_large_image" />
<meta name="twitter:label1" content="Szacowany czas czytania" />
	<meta name="twitter:data1" content="1 minuta" />
<script type="application/ld+json" class="yoast-schema-graph">{"@context":"https:\/\/schema.org","@graph":[{"@type":"WebPage","@id":"https:\/\/zenkaisen.fr\/livre\/paroles-zen\/","url":"https:\/\/zenkaisen.fr\/livre\/paroles-zen\/","name":"Paroles zen - Le Zen de Kaisen","isPartOf":{"@id":"https:\/\/zenkaisen.fr\/ru\/#website"},"primaryImageOfPage":{"@id":"https:\/\/zenkaisen.fr\/livre\/paroles-zen\/#primaryimage"},"image":{"@id":"https:\/\/zenkaisen.fr\/livre\/paroles-zen\/#primaryimage"},"thumbnailUrl":"https:\/\/zenkaisen.fr\/wp-content\/uploads\/2025\/12\/Paroles-Zen.jpg","datePublished":"2025-12-27T18:48:51+00:00","dateModified":"2025-12-27T18:48:52+00:00","breadcrumb":{"@id":"https:\/\/zenkaisen.fr\/livre\/paroles-zen\/#breadcrumb"},"inLanguage":"pl-PL","potentialAction":[{"@type":"ReadAction","target":["https:\/\/zenkaisen.fr\/livre\/paroles-zen\/"]}]},{"@type":"ImageObject","inLanguage":"pl-PL","@id":"https:\/\/zenkaisen.fr\/livre\/paroles-zen\/#primaryimage","url":"https:\/\/zenkaisen.fr\/wp-content\/uploads\/2025\/12\/Paroles-Zen.jpg","contentUrl":"https:\/\/zenkaisen.fr\/wp-content\/uploads\/2025\/12\/Paroles-Zen.jpg","width":200,"height":198},{"@type":"BreadcrumbList","@id":"https:\/\/zenkaisen.fr\/livre\/paroles-zen\/#breadcrumb","itemListElement":[{"@type":"ListItem","position":1,"name":"Strona główna","item":"https:\/\/zenkaisen.fr\/"},{"@type":"ListItem","position":2,"name":"Paroles zen"}]},{"@type":"WebSite","@id":"https:\/\/zenkaisen.fr\/ru\/#website","url":"https:\/\/zenkaisen.fr\/ru\/","name":"Le Zen de Kaisen","description":"Zen","publisher":{"@id":"https:\/\/zenkaisen.fr\/ru\/#organization"},"potentialAction":[{"@type":"SearchAction","target":{"@type":"EntryPoint","urlTemplate":"https:\/\/zenkaisen.fr\/ru\/?s={search_term_string}"},"query-input":{"@type":"PropertyValueSpecification","valueRequired":true,"valueName":"search_term_string"}}],"inLanguage":"pl-PL"},{"@type":"Organization","@id":"https:\/\/zenkaisen.fr\/ru\/#organization","name":"Le Zen de Kaisen","url":"https:\/\/zenkaisen.fr\/ru\/","logo":{"@type":"ImageObject","inLanguage":"pl-PL","@id":"https:\/\/zenkaisen.fr\/ru\/#\/schema\/logo\/image\/","url":"https:\/\/zenkaisen.fr\/wp-content\/uploads\/2025\/07\/logo.png","contentUrl":"https:\/\/zenkaisen.fr\/wp-content\/uploads\/2025\/07\/logo.png","width":300,"height":300,"caption":"Le Zen de Kaisen"},"image":{"@id":"https:\/\/zenkaisen.fr\/ru\/#\/schema\/logo\/image\/"}}]}</script>
<!-- / Yoast SEO plugin. -->

Zenowe słowa - Zen Kaisen

Format : CD, Durée : 53&prime;Date de publication : 21 janvier 2003Éditeur : Univox Paroles zen. Des stances zen pour éclairer l&rsquo;esprit. Des paroles issues de la pure tradition du [&hellip;]

Strona główna
