{"id":2525,"date":"2025-12-27T18:53:13","date_gmt":"2025-12-27T18:53:13","guid":{"rendered":"https:\/\/zenkaisen.fr\/?post_type=livre&#038;p=2525"},"modified":"2025-12-27T18:53:14","modified_gmt":"2025-12-27T18:53:14","slug":"piekno-i-wspolczucie","status":"publish","type":"livre","link":"https:\/\/zenkaisen.fr\/pl\/ksiazka\/piekno-i-wspolczucie\/","title":{"rendered":"Pi\u0119kno i wsp\u00f3\u0142czucie"},"content":{"rendered":"<p>Format: CD, czas trwania: 57\u2032<br>Data publikacji: 2 listopada 2005 r.<br>Wydawca: Univox<\/p>\n\n\n\n<p>\u00abPowinni\u015bmy czerpa\u0107 z cichego pi\u0119kna \u015bwiata, aby przejawia\u0107 je w ka\u017cdym naszym dzia\u0142aniu\u00bb.\u00bb<br>\u00abJest tylko jeden spos\u00f3b, aby osi\u0105gn\u0105\u0107 pi\u0119kno: spokojna uwaga po\u015bwi\u0119cona wszystkim rzeczom\u00bb.\u00bb<br>\u00abCz\u0142owiek przebudzony, dzi\u0119ki swojemu wsp\u00f3\u0142czuciu, rozlewa swoj\u0105 dobro\u0107 na wszystkich. Jego niesko\u0144czony blask \u015bwieci w nas. Dotyka nawet drzew, kwiat\u00f3w, g\u00f3r, gwiazd i ca\u0142ego wszech\u015bwiata\u00bb.\u00bb<\/p>\n\n\n\n<p>Fragmenty audio:<\/p>\n\n\n\n<audio src=\"https:\/\/devteam.stronazen.pl\/old-zenkaisen\/wp-content\/uploads\/2024\/05\/16-beaute-et-compassion.mp3\" controls=\"controls\" preload=\"none\"><\/audio>","protected":false},"excerpt":{"rendered":"<p>Format : CD, Dur\u00e9e : 57&prime;Date de publication : 2 novembre 2005\u00c9diteur : Univox \u00ab Nous devrions puiser, dans la beaut\u00e9 silencieuse du monde, pour la manifester, dans chaque action [&hellip;]<\/p>\n","protected":false},"featured_media":2500,"template":"","meta":{"_acf_changed":false},"class_list":["post-2525","livre","type-livre","status-publish","has-post-thumbnail","hentry"],"acf":[],"yoast_head":"<!-- This site is optimized with the Yoast SEO plugin v27.4 - https:\/\/yoast.com\/product\/yoast-seo-wordpress\/ -->\n<title>Beaut\u00e9 et Compassion - Le Zen de Kaisen<\/title>\n<meta name=\"robots\" content=\"index, follow, max-snippet:-1, max-image-preview:large, max-video-preview:-1\" \/>\n<link rel=\"canonical\" href=\"https:\/\/zenkaisen.fr\/pl\/ksiazka\/piekno-i-wspolczucie\/\" \/>\n<meta property=\"og:locale\" content=\"pl_PL\" \/>\n<meta property=\"og:type\" content=\"article\" \/>\n<meta property=\"og:title\" content=\"Beaut\u00e9 et Compassion - Le Zen de Kaisen\" \/>\n<meta property=\"og:description\" content=\"Format : CD, Dur\u00e9e : 57&prime;Date de publication : 2 novembre 2005\u00c9diteur : Univox \u00ab Nous devrions puiser, dans la beaut\u00e9 silencieuse du monde, pour la manifester, dans chaque action [&hellip;]\" \/>\n<meta property=\"og:url\" content=\"https:\/\/zenkaisen.fr\/pl\/ksiazka\/piekno-i-wspolczucie\/\" \/>\n<meta property=\"og:site_name\" content=\"Le Zen de Kaisen\" \/>\n<meta property=\"article:modified_time\" content=\"2025-12-27T18:53:14+00:00\" \/>\n<meta property=\"og:image\" content=\"https:\/\/zenkaisen.fr\/wp-content\/uploads\/2025\/12\/Beaute-et-Compassion.jpg\" \/>\n\t<meta property=\"og:image:width\" content=\"200\" \/>\n\t<meta property=\"og:image:height\" content=\"199\" \/>\n\t<meta property=\"og:image:type\" content=\"image\/jpeg\" \/>\n<meta name=\"twitter:card\" content=\"summary_large_image\" \/>\n<meta name=\"twitter:label1\" content=\"Szacowany czas czytania\" \/>\n\t<meta name=\"twitter:data1\" content=\"1 minuta\" \/>\n<script type=\"application\/ld+json\" class=\"yoast-schema-graph\">{\"@context\":\"https:\\\/\\\/schema.org\",\"@graph\":[{\"@type\":\"WebPage\",\"@id\":\"https:\\\/\\\/zenkaisen.fr\\\/livre\\\/beaute-et-compassion\\\/\",\"url\":\"https:\\\/\\\/zenkaisen.fr\\\/livre\\\/beaute-et-compassion\\\/\",\"name\":\"Beaut\u00e9 et Compassion - Le Zen de Kaisen\",\"isPartOf\":{\"@id\":\"https:\\\/\\\/zenkaisen.fr\\\/ru\\\/#website\"},\"primaryImageOfPage\":{\"@id\":\"https:\\\/\\\/zenkaisen.fr\\\/livre\\\/beaute-et-compassion\\\/#primaryimage\"},\"image\":{\"@id\":\"https:\\\/\\\/zenkaisen.fr\\\/livre\\\/beaute-et-compassion\\\/#primaryimage\"},\"thumbnailUrl\":\"https:\\\/\\\/zenkaisen.fr\\\/wp-content\\\/uploads\\\/2025\\\/12\\\/Beaute-et-Compassion.jpg\",\"datePublished\":\"2025-12-27T18:53:13+00:00\",\"dateModified\":\"2025-12-27T18:53:14+00:00\",\"breadcrumb\":{\"@id\":\"https:\\\/\\\/zenkaisen.fr\\\/livre\\\/beaute-et-compassion\\\/#breadcrumb\"},\"inLanguage\":\"pl-PL\",\"potentialAction\":[{\"@type\":\"ReadAction\",\"target\":[\"https:\\\/\\\/zenkaisen.fr\\\/livre\\\/beaute-et-compassion\\\/\"]}]},{\"@type\":\"ImageObject\",\"inLanguage\":\"pl-PL\",\"@id\":\"https:\\\/\\\/zenkaisen.fr\\\/livre\\\/beaute-et-compassion\\\/#primaryimage\",\"url\":\"https:\\\/\\\/zenkaisen.fr\\\/wp-content\\\/uploads\\\/2025\\\/12\\\/Beaute-et-Compassion.jpg\",\"contentUrl\":\"https:\\\/\\\/zenkaisen.fr\\\/wp-content\\\/uploads\\\/2025\\\/12\\\/Beaute-et-Compassion.jpg\",\"width\":200,\"height\":199},{\"@type\":\"BreadcrumbList\",\"@id\":\"https:\\\/\\\/zenkaisen.fr\\\/livre\\\/beaute-et-compassion\\\/#breadcrumb\",\"itemListElement\":[{\"@type\":\"ListItem\",\"position\":1,\"name\":\"Strona g\u0142\u00f3wna\",\"item\":\"https:\\\/\\\/zenkaisen.fr\\\/\"},{\"@type\":\"ListItem\",\"position\":2,\"name\":\"Beaut\u00e9 et Compassion\"}]},{\"@type\":\"WebSite\",\"@id\":\"https:\\\/\\\/zenkaisen.fr\\\/ru\\\/#website\",\"url\":\"https:\\\/\\\/zenkaisen.fr\\\/ru\\\/\",\"name\":\"Le Zen de Kaisen\",\"description\":\"Zen\",\"publisher\":{\"@id\":\"https:\\\/\\\/zenkaisen.fr\\\/ru\\\/#organization\"},\"potentialAction\":[{\"@type\":\"SearchAction\",\"target\":{\"@type\":\"EntryPoint\",\"urlTemplate\":\"https:\\\/\\\/zenkaisen.fr\\\/ru\\\/?s={search_term_string}\"},\"query-input\":{\"@type\":\"PropertyValueSpecification\",\"valueRequired\":true,\"valueName\":\"search_term_string\"}}],\"inLanguage\":\"pl-PL\"},{\"@type\":\"Organization\",\"@id\":\"https:\\\/\\\/zenkaisen.fr\\\/ru\\\/#organization\",\"name\":\"Le Zen de Kaisen\",\"url\":\"https:\\\/\\\/zenkaisen.fr\\\/ru\\\/\",\"logo\":{\"@type\":\"ImageObject\",\"inLanguage\":\"pl-PL\",\"@id\":\"https:\\\/\\\/zenkaisen.fr\\\/ru\\\/#\\\/schema\\\/logo\\\/image\\\/\",\"url\":\"https:\\\/\\\/zenkaisen.fr\\\/wp-content\\\/uploads\\\/2025\\\/07\\\/logo.png\",\"contentUrl\":\"https:\\\/\\\/zenkaisen.fr\\\/wp-content\\\/uploads\\\/2025\\\/07\\\/logo.png\",\"width\":300,\"height\":300,\"caption\":\"Le Zen de Kaisen\"},\"image\":{\"@id\":\"https:\\\/\\\/zenkaisen.fr\\\/ru\\\/#\\\/schema\\\/logo\\\/image\\\/\"}}]}<\/script>\n<!-- \/ Yoast SEO plugin. -->","yoast_head_json":{"title":"Pi\u0119kno i wsp\u00f3\u0142czucie \u2013 Zen Kaisen","robots":{"index":"index","follow":"follow","max-snippet":"max-snippet:-1","max-image-preview":"max-image-preview:large","max-video-preview":"max-video-preview:-1"},"canonical":"https:\/\/zenkaisen.fr\/pl\/ksiazka\/piekno-i-wspolczucie\/","og_locale":"pl_PL","og_type":"article","og_title":"Beaut\u00e9 et Compassion - Le Zen de Kaisen","og_description":"Format : CD, Dur\u00e9e : 57&prime;Date de publication : 2 novembre 2005\u00c9diteur : Univox \u00ab Nous devrions puiser, dans la beaut\u00e9 silencieuse du monde, pour la manifester, dans chaque action [&hellip;]","og_url":"https:\/\/zenkaisen.fr\/pl\/ksiazka\/piekno-i-wspolczucie\/","og_site_name":"Le Zen de Kaisen","article_modified_time":"2025-12-27T18:53:14+00:00","og_image":[{"width":200,"height":199,"url":"https:\/\/zenkaisen.fr\/wp-content\/uploads\/2025\/12\/Beaute-et-Compassion.jpg","type":"image\/jpeg"}],"twitter_card":"summary_large_image","twitter_misc":{"Szacowany czas czytania":"1 minuta"},"schema":{"@context":"https:\/\/schema.org","@graph":[{"@type":"WebPage","@id":"https:\/\/zenkaisen.fr\/livre\/beaute-et-compassion\/","url":"https:\/\/zenkaisen.fr\/livre\/beaute-et-compassion\/","name":"Pi\u0119kno i wsp\u00f3\u0142czucie \u2013 Zen Kaisen","isPartOf":{"@id":"https:\/\/zenkaisen.fr\/ru\/#website"},"primaryImageOfPage":{"@id":"https:\/\/zenkaisen.fr\/livre\/beaute-et-compassion\/#primaryimage"},"image":{"@id":"https:\/\/zenkaisen.fr\/livre\/beaute-et-compassion\/#primaryimage"},"thumbnailUrl":"https:\/\/zenkaisen.fr\/wp-content\/uploads\/2025\/12\/Beaute-et-Compassion.jpg","datePublished":"2025-12-27T18:53:13+00:00","dateModified":"2025-12-27T18:53:14+00:00","breadcrumb":{"@id":"https:\/\/zenkaisen.fr\/livre\/beaute-et-compassion\/#breadcrumb"},"inLanguage":"pl-PL","potentialAction":[{"@type":"ReadAction","target":["https:\/\/zenkaisen.fr\/livre\/beaute-et-compassion\/"]}]},{"@type":"ImageObject","inLanguage":"pl-PL","@id":"https:\/\/zenkaisen.fr\/livre\/beaute-et-compassion\/#primaryimage","url":"https:\/\/zenkaisen.fr\/wp-content\/uploads\/2025\/12\/Beaute-et-Compassion.jpg","contentUrl":"https:\/\/zenkaisen.fr\/wp-content\/uploads\/2025\/12\/Beaute-et-Compassion.jpg","width":200,"height":199},{"@type":"BreadcrumbList","@id":"https:\/\/zenkaisen.fr\/livre\/beaute-et-compassion\/#breadcrumb","itemListElement":[{"@type":"ListItem","position":1,"name":"Strona g\u0142\u00f3wna","item":"https:\/\/zenkaisen.fr\/"},{"@type":"ListItem","position":2,"name":"Beaut\u00e9 et Compassion"}]},{"@type":"WebSite","@id":"https:\/\/zenkaisen.fr\/ru\/#website","url":"https:\/\/zenkaisen.fr\/ru\/","name":"Zen Kaisen","description":"Zen","publisher":{"@id":"https:\/\/zenkaisen.fr\/ru\/#organization"},"potentialAction":[{"@type":"SearchAction","target":{"@type":"EntryPoint","urlTemplate":"https:\/\/zenkaisen.fr\/ru\/?s={search_term_string}"},"query-input":{"@type":"PropertyValueSpecification","valueRequired":true,"valueName":"search_term_string"}}],"inLanguage":"pl-PL"},{"@type":"Organization","@id":"https:\/\/zenkaisen.fr\/ru\/#organization","name":"Zen Kaisen","url":"https:\/\/zenkaisen.fr\/ru\/","logo":{"@type":"ImageObject","inLanguage":"pl-PL","@id":"https:\/\/zenkaisen.fr\/ru\/#\/schema\/logo\/image\/","url":"https:\/\/zenkaisen.fr\/wp-content\/uploads\/2025\/07\/logo.png","contentUrl":"https:\/\/zenkaisen.fr\/wp-content\/uploads\/2025\/07\/logo.png","width":300,"height":300,"caption":"Le Zen de Kaisen"},"image":{"@id":"https:\/\/zenkaisen.fr\/ru\/#\/schema\/logo\/image\/"}}]}},"_links":{"self":[{"href":"https:\/\/zenkaisen.fr\/pl\/wp-json\/wp\/v2\/livre\/2525","targetHints":{"allow":["GET"]}}],"collection":[{"href":"https:\/\/zenkaisen.fr\/pl\/wp-json\/wp\/v2\/livre"}],"about":[{"href":"https:\/\/zenkaisen.fr\/pl\/wp-json\/wp\/v2\/types\/livre"}],"wp:featuredmedia":[{"embeddable":true,"href":"https:\/\/zenkaisen.fr\/pl\/wp-json\/wp\/v2\/media\/2500"}],"wp:attachment":[{"href":"https:\/\/zenkaisen.fr\/pl\/wp-json\/wp\/v2\/media?parent=2525"}],"curies":[{"name":"wp","href":"https:\/\/api.w.org\/{rel}","templated":true}]}}

Piękno i współczucie

<p>Format: CD, czas trwania: 57′<br>Data publikacji: 2 listopada 2005 r.<br>Wydawca: Univox</p>



<p>«Powinniśmy czerpać z cichego piękna świata, aby przejawiać je w każdym naszym działaniu».»<br>«Jest tylko jeden sposób, aby osiągnąć piękno: spokojna uwaga poświęcona wszystkim rzeczom».»<br>«Człowiek przebudzony, dzięki swojemu współczuciu, rozlewa swoją dobroć na wszystkich. Jego nieskończony blask świeci w nas. Dotyka nawet drzew, kwiatów, gór, gwiazd i całego wszechświata».»</p>



<p>Fragmenty audio:</p>



<audio src="https://devteam.stronazen.pl/old-zenkaisen/wp-content/uploads/2024/05/16-beaute-et-compassion.mp3" controls="controls" preload="none"></audio>

<p>Format : CD, Durée : 57&prime;Date de publication : 2 novembre 2005Éditeur : Univox « Nous devrions puiser, dans la beauté silencieuse du monde, pour la manifester, dans chaque action [&hellip;]</p>

<!-- This site is optimized with the Yoast SEO plugin v27.4 - https://yoast.com/product/yoast-seo-wordpress/ -->
<title>Beauté et Compassion - Le Zen de Kaisen</title>
<meta name="robots" content="index, follow, max-snippet:-1, max-image-preview:large, max-video-preview:-1" />
<link rel="canonical" href="https://zenkaisen.fr/pl/ksiazka/piekno-i-wspolczucie/" />
<meta property="og:locale" content="pl_PL" />
<meta property="og:type" content="article" />
<meta property="og:title" content="Beauté et Compassion - Le Zen de Kaisen" />
<meta property="og:description" content="Format : CD, Durée : 57&prime;Date de publication : 2 novembre 2005Éditeur : Univox « Nous devrions puiser, dans la beauté silencieuse du monde, pour la manifester, dans chaque action [&hellip;]" />
<meta property="og:url" content="https://zenkaisen.fr/pl/ksiazka/piekno-i-wspolczucie/" />
<meta property="og:site_name" content="Le Zen de Kaisen" />
<meta property="article:modified_time" content="2025-12-27T18:53:14+00:00" />
<meta property="og:image" content="https://zenkaisen.fr/wp-content/uploads/2025/12/Beaute-et-Compassion.jpg" />
	<meta property="og:image:width" content="200" />
	<meta property="og:image:height" content="199" />
	<meta property="og:image:type" content="image/jpeg" />
<meta name="twitter:card" content="summary_large_image" />
<meta name="twitter:label1" content="Szacowany czas czytania" />
	<meta name="twitter:data1" content="1 minuta" />
<script type="application/ld+json" class="yoast-schema-graph">{"@context":"https:\/\/schema.org","@graph":[{"@type":"WebPage","@id":"https:\/\/zenkaisen.fr\/livre\/beaute-et-compassion\/","url":"https:\/\/zenkaisen.fr\/livre\/beaute-et-compassion\/","name":"Beauté et Compassion - Le Zen de Kaisen","isPartOf":{"@id":"https:\/\/zenkaisen.fr\/ru\/#website"},"primaryImageOfPage":{"@id":"https:\/\/zenkaisen.fr\/livre\/beaute-et-compassion\/#primaryimage"},"image":{"@id":"https:\/\/zenkaisen.fr\/livre\/beaute-et-compassion\/#primaryimage"},"thumbnailUrl":"https:\/\/zenkaisen.fr\/wp-content\/uploads\/2025\/12\/Beaute-et-Compassion.jpg","datePublished":"2025-12-27T18:53:13+00:00","dateModified":"2025-12-27T18:53:14+00:00","breadcrumb":{"@id":"https:\/\/zenkaisen.fr\/livre\/beaute-et-compassion\/#breadcrumb"},"inLanguage":"pl-PL","potentialAction":[{"@type":"ReadAction","target":["https:\/\/zenkaisen.fr\/livre\/beaute-et-compassion\/"]}]},{"@type":"ImageObject","inLanguage":"pl-PL","@id":"https:\/\/zenkaisen.fr\/livre\/beaute-et-compassion\/#primaryimage","url":"https:\/\/zenkaisen.fr\/wp-content\/uploads\/2025\/12\/Beaute-et-Compassion.jpg","contentUrl":"https:\/\/zenkaisen.fr\/wp-content\/uploads\/2025\/12\/Beaute-et-Compassion.jpg","width":200,"height":199},{"@type":"BreadcrumbList","@id":"https:\/\/zenkaisen.fr\/livre\/beaute-et-compassion\/#breadcrumb","itemListElement":[{"@type":"ListItem","position":1,"name":"Strona główna","item":"https:\/\/zenkaisen.fr\/"},{"@type":"ListItem","position":2,"name":"Beauté et Compassion"}]},{"@type":"WebSite","@id":"https:\/\/zenkaisen.fr\/ru\/#website","url":"https:\/\/zenkaisen.fr\/ru\/","name":"Le Zen de Kaisen","description":"Zen","publisher":{"@id":"https:\/\/zenkaisen.fr\/ru\/#organization"},"potentialAction":[{"@type":"SearchAction","target":{"@type":"EntryPoint","urlTemplate":"https:\/\/zenkaisen.fr\/ru\/?s={search_term_string}"},"query-input":{"@type":"PropertyValueSpecification","valueRequired":true,"valueName":"search_term_string"}}],"inLanguage":"pl-PL"},{"@type":"Organization","@id":"https:\/\/zenkaisen.fr\/ru\/#organization","name":"Le Zen de Kaisen","url":"https:\/\/zenkaisen.fr\/ru\/","logo":{"@type":"ImageObject","inLanguage":"pl-PL","@id":"https:\/\/zenkaisen.fr\/ru\/#\/schema\/logo\/image\/","url":"https:\/\/zenkaisen.fr\/wp-content\/uploads\/2025\/07\/logo.png","contentUrl":"https:\/\/zenkaisen.fr\/wp-content\/uploads\/2025\/07\/logo.png","width":300,"height":300,"caption":"Le Zen de Kaisen"},"image":{"@id":"https:\/\/zenkaisen.fr\/ru\/#\/schema\/logo\/image\/"}}]}</script>
<!-- / Yoast SEO plugin. -->

Piękno i współczucie – Zen Kaisen

Beauté et Compassion - Le Zen de Kaisen

Format : CD, Durée : 57&prime;Date de publication : 2 novembre 2005Éditeur : Univox « Nous devrions puiser, dans la beauté silencieuse du monde, pour la manifester, dans chaque action [&hellip;]

Strona główna

Beauté et Compassion
